{"id":7,"date":"2024-01-30T17:19:32","date_gmt":"2024-01-30T16:19:32","guid":{"rendered":"https:\/\/arenagruppen.se\/rorelsejurister\/?page_id=7"},"modified":"2026-04-10T22:44:10","modified_gmt":"2026-04-10T20:44:10","slug":"ansok","status":"publish","type":"page","link":"https:\/\/arenagruppen.se\/rorelsejurister\/ansok\/","title":{"rendered":"Ans\u00f6k till akademi"},"content":{"rendered":"\n<div class=\"wp-block-group is-vertical is-layout-flex wp-container-core-group-is-layout-fe9cc265 wp-block-group-is-layout-flex\">\n<p>Akademin f\u00f6r r\u00f6relsejurister utbildar i praktisk och teoretisk juridik med fokus p\u00e5 r\u00e4ttskritik, barnr\u00e4tt, f\u00f6rvaltningsr\u00e4tt, boendefr\u00e5gor, migrationsr\u00e4tt, hbtqi-r\u00e4ttigheter, processf\u00f6ring, demokratiarbete och mycket mera. H\u00e4r f\u00e5r du som jobbar r\u00f6relsejuridiskt en plattform d\u00e4r du f\u00e5r l\u00e4ra k\u00e4nna likasinnade och yrkesverksamma praktiker och akademiker. Du f\u00e5r ta del av konkreta verktyg och knyta kontakter som \u00e4r nyttiga f\u00f6r s\u00e5v\u00e4l dig sj\u00e4lv som den r\u00f6relse som du redan idag \u00e4r en del av.<br><br>Till v\u00e5r hj\u00e4lp kommer vi ha inspirerande och kunniga f\u00f6rel\u00e4sare inom respektive omr\u00e5de samt aktiva deltagare. Akademin inneh\u00e5ller s\u00e5v\u00e4l f\u00f6rel\u00e4sningar som praktiska workshops och grupparbeten.<\/p>\n\n\n\n<figure class=\"wp-block-image size-large\"><img fetchpriority=\"high\" decoding=\"async\" width=\"1024\" height=\"752\" src=\"https:\/\/arenagruppen.se\/rorelsejurister\/wp-content\/uploads\/sites\/11\/2026\/04\/90b5b2b5-20a0-4fd1-be91-7851a1b74d521-1024x752.jpg\" alt=\"\" class=\"wp-image-306\" srcset=\"https:\/\/arenagruppen.se\/rorelsejurister\/wp-content\/uploads\/sites\/11\/2026\/04\/90b5b2b5-20a0-4fd1-be91-7851a1b74d521-1024x752.jpg 1024w, https:\/\/arenagruppen.se\/rorelsejurister\/wp-content\/uploads\/sites\/11\/2026\/04\/90b5b2b5-20a0-4fd1-be91-7851a1b74d521-300x220.jpg 300w, https:\/\/arenagruppen.se\/rorelsejurister\/wp-content\/uploads\/sites\/11\/2026\/04\/90b5b2b5-20a0-4fd1-be91-7851a1b74d521-768x564.jpg 768w, https:\/\/arenagruppen.se\/rorelsejurister\/wp-content\/uploads\/sites\/11\/2026\/04\/90b5b2b5-20a0-4fd1-be91-7851a1b74d521.jpg 1389w\" sizes=\"(max-width: 1024px) 100vw, 1024px\" \/><figcaption class=\"wp-element-caption\"><em>Deltagare fr\u00e5n Akademin f\u00f6r R\u00f6relsejurister \u00e5r 202<\/em>5.<\/figcaption><\/figure>\n\n\n\n<div class=\"wp-block-group is-vertical is-layout-flex wp-container-core-group-is-layout-fe9cc265 wp-block-group-is-layout-flex\">\n<div class=\"wp-block-group is-vertical is-layout-flex wp-container-core-group-is-layout-fe9cc265 wp-block-group-is-layout-flex\">\n<p><strong>Ans\u00f6kan<\/strong><br><br>Akademin f\u00f6r R\u00f6relsejurister 2026 kommer att h\u00e5llas utanf\u00f6r Stockholm mellan den 17:e och den 21:e augusti. Arrang\u00f6rerna bekostar resa, mat och uppeh\u00e4lle f\u00f6r den som blir antagen till akademin. Utbildningen kommer att vara kr\u00e4vande men givande f\u00f6r alla. Det \u00e4r ett begr\u00e4nsat antal s\u00f6kbara platser. N\u00e4r du anm\u00e4ler dig till akademin beh\u00f6ver du veta att du har m\u00f6jlighet att delta p\u00e5 plats under samtliga dagar.<br><br>F\u00f6r att bli aktuell f\u00f6r att delta i Akademin ser vi g\u00e4rna att du:<\/p>\n\n\n\n<ul class=\"wp-block-list\">\n<li>befinner dig i b\u00f6rjan av ditt juridiska arbete,<\/li>\n\n\n\n<li>har erfarenhet av arbete med folkbildning eller lokal organisering,<\/li>\n\n\n\n<li>\u00e4r en person som har f\u00f6r avsikt att efter Akademin sprida kunskapen om r\u00f6relsejuridik vidare och\/eller bidra till folkbildande verksamhet eller lokal organisering.<\/li>\n<\/ul>\n<\/div>\n\n\n\n<p>Vi vill att du: <\/p>\n\n\n\n<ul class=\"wp-block-list\">\n<li>skriver ett brev p\u00e5 max tv\u00e5 A4-sidor och ber\u00e4ttar om vem du \u00e4r. I brevet b\u00f6r du utveckla kring hur du ser p\u00e5 och arbetar med r\u00f6relsejuridik, och hur du planerar att anv\u00e4nda juridiken i framtiden. Vi vill att du i ditt brev presenterar en id\u00e9 p\u00e5 en r\u00f6relsejuridisk verksamhet eller ett projekt som du skulle vilja arbeta med efter Akademin.<\/li>\n\n\n\n<li>skickar med ett CV med tidigare erfarenheter.<\/li>\n<\/ul>\n\n\n\n<p>Sista ans\u00f6kningsdag \u00e4r den <b>20:e\u00a0<\/b><strong>maj<\/strong>. Besked om antagning ges i slutet av maj eller i b\u00f6rjan av juni m\u00e5nad. Vi kommer att genomf\u00f6ra intervjuer l\u00f6pande, s\u00e5 v\u00e4nta inte med att skicka in din ans\u00f6kan till\u00a0<strong><a href=\"mailto:rorelsejurister@arenagruppen.se\" target=\"_blank\" rel=\"noreferrer noopener\">rorelsejurister@arenagruppen.se<\/a><\/strong>.<br><br>Akademin str\u00e4var efter att anta en blandad och dynamisk grupp som i st\u00f6rsta m\u00f6jliga m\u00e5n speglar hela det svenska samh\u00e4llet. F\u00f6r att undvika snedrekrytering g\u00e4llande deltagarnas bakgrund till\u00e4mpar vi j\u00e4mst\u00e4lldhets- och m\u00e5ngfaldskriterier i urvalsprocessen. V\u00e5ra deltagare brukar vara personer i olika \u00e5ldrar och fr\u00e5n hela landet. Vi str\u00e4var efter att ha med s\u00e5 m\u00e5nga deltagare med juridisk bakgrund som m\u00f6jligt.<br><br>Om du blir antagen till Akademin och st\u00e4ller in din medverkan med kort varsel (senare \u00e4n en m\u00e5nad f\u00f6re kursstart), debiteras du f\u00f6r resekostnader och arrang\u00f6rskostnader.<br><br><em>Vi p\u00e5 akademin \u00e4r tacksamma f\u00f6r att Akademin f\u00f6r r\u00f6relsejurister kan genomf\u00f6ras i \u00e5r med st\u00f6d av Arena Id\u00e9, Civil Rights Defenders, Fridh Advokatbyr\u00e5, advokat Linus Gardell, samt Hyresg\u00e4stf\u00f6reningen region Sk\u00e5ne och B\u00c4SK<\/em>.<br><br>Vi ses i sommar!<\/p>\n<\/div>\n<\/div>\n\n\n<\/p>","protected":false},"excerpt":{"rendered":"<p>Akademin f\u00f6r r\u00f6relsejurister utbildar i praktisk och teoretisk juridik med fokus p\u00e5 r\u00e4ttskritik, barnr\u00e4tt, f\u00f6rvaltningsr\u00e4tt, boendefr\u00e5gor, migrationsr\u00e4tt, hbtqi-r\u00e4ttigheter, processf\u00f6ring, demokratiarbete och mycket mera. H\u00e4r f\u00e5r du som jobbar r\u00f6relsejuridiskt en plattform d\u00e4r du f\u00e5r l\u00e4ra k\u00e4nna likasinnade och yrkesverksamma praktiker och akademiker. Du f\u00e5r ta del av konkreta verktyg och knyta kontakter som \u00e4r nyttiga [&hellip;]<\/p>\n","protected":false},"author":1,"featured_media":324,"parent":0,"menu_order":0,"comment_status":"closed","ping_status":"closed","template":"","meta":{"footnotes":""},"class_list":["post-7","page","type-page","status-publish","has-post-thumbnail","hentry"],"yoast_head":"<!-- This site is optimized with the Yoast SEO plugin v19.12 - https:\/\/yoast.com\/wordpress\/plugins\/seo\/ -->\n<title>Ans\u00f6k till akademi - Akademin f\u00f6r R\u00f6relsejurister<\/title>\n<meta name=\"description\" content=\"Akademin R\u00f6r r\u00f6relsejurister utbildar i praktisk och teoretisk juridik med fokus p\u00e5 r\u00e4ttskritik, barnr\u00e4tt, f\u00f6rvaltningsr\u00e4tt, boendefr\u00e5gor, migrationsr\u00e4tt, hbtqi-r\u00e4ttigheter, processf\u00f6ring, demokratiarbete och mycket mera. H\u00e4r f\u00e5r du som jobbar r\u00f6relsejuridiskt en plattform d\u00e4r du f\u00e5r l\u00e4ra k\u00e4nna likasinnade och yrkesverksamma praktiker och akademiker. Du f\u00e5r ta del av konkreta verktyg och knyta kontakter som \u00e4r nyttiga f\u00f6r s\u00e5v\u00e4l dig sj\u00e4lv som den r\u00f6relse som du redan idag \u00e4r en del av.\" \/>\n<meta name=\"robots\" content=\"index, follow, max-snippet:-1, max-image-preview:large, max-video-preview:-1\" \/>\n<link rel=\"canonical\" href=\"https:\/\/arenagruppen.se\/rorelsejurister\/ansok\/\" \/>\n<meta property=\"og:locale\" content=\"sv_SE\" \/>\n<meta property=\"og:type\" content=\"article\" \/>\n<meta property=\"og:title\" content=\"Ans\u00f6k till Akademin f\u00f6r R\u00f6relsejurister\" \/>\n<meta property=\"og:description\" content=\"Akademin f\u00f6r R\u00f6relsejurister utbildar i praktisk och teoretisk juridik med fokus p\u00e5 r\u00e4ttskritik, barnr\u00e4tt, f\u00f6rvaltningsr\u00e4tt, boendefr\u00e5gor, migrationsr\u00e4tt, hbtqi-r\u00e4ttigheter, processf\u00f6ring, demokratiarbete och mycket mera. H\u00e4r f\u00e5r du som jobbar r\u00f6relsejuridiskt en plattform d\u00e4r du f\u00e5r l\u00e4ra k\u00e4nna likasinnade och yrkesverksamma praktiker och akademiker. Du f\u00e5r ta del av konkreta verktyg och knyta kontakter som \u00e4r nyttiga f\u00f6r s\u00e5v\u00e4l dig sj\u00e4lv som den r\u00f6relse som du redan idag \u00e4r en del av.\" \/>\n<meta property=\"og:url\" content=\"https:\/\/arenagruppen.se\/rorelsejurister\/ansok\/\" \/>\n<meta property=\"og:site_name\" content=\"Akademin f\u00f6r R\u00f6relsejurister\" \/>\n<meta property=\"article:modified_time\" content=\"2026-04-10T20:44:10+00:00\" \/>\n<meta property=\"og:image\" content=\"https:\/\/arenagruppen.se\/rorelsejurister\/wp-content\/uploads\/sites\/11\/2024\/04\/omslagsbild.png\" \/>\n\t<meta property=\"og:image:width\" content=\"1024\" \/>\n\t<meta property=\"og:image:height\" content=\"576\" \/>\n\t<meta property=\"og:image:type\" content=\"image\/png\" \/>\n<meta name=\"twitter:card\" content=\"summary_large_image\" \/>\n<meta name=\"twitter:title\" content=\"Ans\u00f6k till Akademin f\u00f6r R\u00f6relsejurister\" \/>\n<meta name=\"twitter:description\" content=\"Akademin f\u00f6r R\u00f6relsejurister utbildar i praktisk och teoretisk juridik med fokus p\u00e5 r\u00e4ttskritik, barnr\u00e4tt, f\u00f6rvaltningsr\u00e4tt, boendefr\u00e5gor, migrationsr\u00e4tt, hbtqi-r\u00e4ttigheter, processf\u00f6ring, demokratiarbete och mycket mera. H\u00e4r f\u00e5r du som jobbar r\u00f6relsejuridiskt en plattform d\u00e4r du f\u00e5r l\u00e4ra k\u00e4nna likasinnade och yrkesverksamma praktiker och akademiker. Du f\u00e5r ta del av konkreta verktyg och knyta kontakter som \u00e4r nyttiga f\u00f6r s\u00e5v\u00e4l dig sj\u00e4lv som den r\u00f6relse som du redan idag \u00e4r en del av.\" \/>\n<meta name=\"twitter:image\" content=\"https:\/\/arenagruppen.se\/rorelsejurister\/wp-content\/uploads\/sites\/11\/2024\/04\/omslagsbild.png\" \/>\n<meta name=\"twitter:label1\" content=\"Ber\u00e4knad l\u00e4stid\" \/>\n\t<meta name=\"twitter:data1\" content=\"3 minuter\" \/>\n<script type=\"application\/ld+json\" class=\"yoast-schema-graph\">{\"@context\":\"https:\/\/schema.org\",\"@graph\":[{\"@type\":\"WebPage\",\"@id\":\"https:\/\/arenagruppen.se\/rorelsejurister\/ansok\/\",\"url\":\"https:\/\/arenagruppen.se\/rorelsejurister\/ansok\/\",\"name\":\"Ans\u00f6k till akademi - Akademin f\u00f6r R\u00f6relsejurister\",\"isPartOf\":{\"@id\":\"https:\/\/arenagruppen.se\/rorelsejurister\/#website\"},\"datePublished\":\"2024-01-30T16:19:32+00:00\",\"dateModified\":\"2026-04-10T20:44:10+00:00\",\"description\":\"Akademin R\u00f6r r\u00f6relsejurister utbildar i praktisk och teoretisk juridik med fokus p\u00e5 r\u00e4ttskritik, barnr\u00e4tt, f\u00f6rvaltningsr\u00e4tt, boendefr\u00e5gor, migrationsr\u00e4tt, hbtqi-r\u00e4ttigheter, processf\u00f6ring, demokratiarbete och mycket mera. H\u00e4r f\u00e5r du som jobbar r\u00f6relsejuridiskt en plattform d\u00e4r du f\u00e5r l\u00e4ra k\u00e4nna likasinnade och yrkesverksamma praktiker och akademiker. Du f\u00e5r ta del av konkreta verktyg och knyta kontakter som \u00e4r nyttiga f\u00f6r s\u00e5v\u00e4l dig sj\u00e4lv som den r\u00f6relse som du redan idag \u00e4r en del av.\",\"breadcrumb\":{\"@id\":\"https:\/\/arenagruppen.se\/rorelsejurister\/ansok\/#breadcrumb\"},\"inLanguage\":\"sv-SE\",\"potentialAction\":[{\"@type\":\"ReadAction\",\"target\":[\"https:\/\/arenagruppen.se\/rorelsejurister\/ansok\/\"]}]},{\"@type\":\"BreadcrumbList\",\"@id\":\"https:\/\/arenagruppen.se\/rorelsejurister\/ansok\/#breadcrumb\",\"itemListElement\":[{\"@type\":\"ListItem\",\"position\":1,\"name\":\"Hem\",\"item\":\"https:\/\/arenagruppen.se\/rorelsejurister\/\"},{\"@type\":\"ListItem\",\"position\":2,\"name\":\"Ans\u00f6k till akademi\"}]},{\"@type\":\"WebSite\",\"@id\":\"https:\/\/arenagruppen.se\/rorelsejurister\/#website\",\"url\":\"https:\/\/arenagruppen.se\/rorelsejurister\/\",\"name\":\"Akademin f\u00f6r R\u00f6relsejurister\",\"description\":\"\",\"publisher\":{\"@id\":\"https:\/\/arenagruppen.se\/rorelsejurister\/#organization\"},\"potentialAction\":[{\"@type\":\"SearchAction\",\"target\":{\"@type\":\"EntryPoint\",\"urlTemplate\":\"https:\/\/arenagruppen.se\/rorelsejurister\/?s={search_term_string}\"},\"query-input\":\"required name=search_term_string\"}],\"inLanguage\":\"sv-SE\"},{\"@type\":\"Organization\",\"@id\":\"https:\/\/arenagruppen.se\/rorelsejurister\/#organization\",\"name\":\"Akademin f\u00f6r R\u00f6relsejurister\",\"url\":\"https:\/\/arenagruppen.se\/rorelsejurister\/\",\"logo\":{\"@type\":\"ImageObject\",\"inLanguage\":\"sv-SE\",\"@id\":\"https:\/\/arenagruppen.se\/rorelsejurister\/#\/schema\/logo\/image\/\",\"url\":\"https:\/\/arenagruppen.se\/rorelsejurister\/wp-content\/uploads\/sites\/11\/2024\/01\/resurs-1.png\",\"contentUrl\":\"https:\/\/arenagruppen.se\/rorelsejurister\/wp-content\/uploads\/sites\/11\/2024\/01\/resurs-1.png\",\"width\":1206,\"height\":313,\"caption\":\"Akademin f\u00f6r R\u00f6relsejurister\"},\"image\":{\"@id\":\"https:\/\/arenagruppen.se\/rorelsejurister\/#\/schema\/logo\/image\/\"}}]}<\/script>\n<!-- \/ Yoast SEO plugin. -->","yoast_head_json":{"title":"Ans\u00f6k till akademi - Akademin f\u00f6r R\u00f6relsejurister","description":"Akademin R\u00f6r r\u00f6relsejurister utbildar i praktisk och teoretisk juridik med fokus p\u00e5 r\u00e4ttskritik, barnr\u00e4tt, f\u00f6rvaltningsr\u00e4tt, boendefr\u00e5gor, migrationsr\u00e4tt, hbtqi-r\u00e4ttigheter, processf\u00f6ring, demokratiarbete och mycket mera. H\u00e4r f\u00e5r du som jobbar r\u00f6relsejuridiskt en plattform d\u00e4r du f\u00e5r l\u00e4ra k\u00e4nna likasinnade och yrkesverksamma praktiker och akademiker. Du f\u00e5r ta del av konkreta verktyg och knyta kontakter som \u00e4r nyttiga f\u00f6r s\u00e5v\u00e4l dig sj\u00e4lv som den r\u00f6relse som du redan idag \u00e4r en del av.","robots":{"index":"index","follow":"follow","max-snippet":"max-snippet:-1","max-image-preview":"max-image-preview:large","max-video-preview":"max-video-preview:-1"},"canonical":"https:\/\/arenagruppen.se\/rorelsejurister\/ansok\/","og_locale":"sv_SE","og_type":"article","og_title":"Ans\u00f6k till Akademin f\u00f6r R\u00f6relsejurister","og_description":"Akademin f\u00f6r R\u00f6relsejurister utbildar i praktisk och teoretisk juridik med fokus p\u00e5 r\u00e4ttskritik, barnr\u00e4tt, f\u00f6rvaltningsr\u00e4tt, boendefr\u00e5gor, migrationsr\u00e4tt, hbtqi-r\u00e4ttigheter, processf\u00f6ring, demokratiarbete och mycket mera. H\u00e4r f\u00e5r du som jobbar r\u00f6relsejuridiskt en plattform d\u00e4r du f\u00e5r l\u00e4ra k\u00e4nna likasinnade och yrkesverksamma praktiker och akademiker. Du f\u00e5r ta del av konkreta verktyg och knyta kontakter som \u00e4r nyttiga f\u00f6r s\u00e5v\u00e4l dig sj\u00e4lv som den r\u00f6relse som du redan idag \u00e4r en del av.","og_url":"https:\/\/arenagruppen.se\/rorelsejurister\/ansok\/","og_site_name":"Akademin f\u00f6r R\u00f6relsejurister","article_modified_time":"2026-04-10T20:44:10+00:00","og_image":[{"width":1024,"height":576,"url":"https:\/\/arenagruppen.se\/rorelsejurister\/wp-content\/uploads\/sites\/11\/2024\/04\/omslagsbild.png","type":"image\/png"}],"twitter_card":"summary_large_image","twitter_title":"Ans\u00f6k till Akademin f\u00f6r R\u00f6relsejurister","twitter_description":"Akademin f\u00f6r R\u00f6relsejurister utbildar i praktisk och teoretisk juridik med fokus p\u00e5 r\u00e4ttskritik, barnr\u00e4tt, f\u00f6rvaltningsr\u00e4tt, boendefr\u00e5gor, migrationsr\u00e4tt, hbtqi-r\u00e4ttigheter, processf\u00f6ring, demokratiarbete och mycket mera. H\u00e4r f\u00e5r du som jobbar r\u00f6relsejuridiskt en plattform d\u00e4r du f\u00e5r l\u00e4ra k\u00e4nna likasinnade och yrkesverksamma praktiker och akademiker. Du f\u00e5r ta del av konkreta verktyg och knyta kontakter som \u00e4r nyttiga f\u00f6r s\u00e5v\u00e4l dig sj\u00e4lv som den r\u00f6relse som du redan idag \u00e4r en del av.","twitter_image":"https:\/\/arenagruppen.se\/rorelsejurister\/wp-content\/uploads\/sites\/11\/2024\/04\/omslagsbild.png","twitter_misc":{"Ber\u00e4knad l\u00e4stid":"3 minuter"},"schema":{"@context":"https:\/\/schema.org","@graph":[{"@type":"WebPage","@id":"https:\/\/arenagruppen.se\/rorelsejurister\/ansok\/","url":"https:\/\/arenagruppen.se\/rorelsejurister\/ansok\/","name":"Ans\u00f6k till akademi - Akademin f\u00f6r R\u00f6relsejurister","isPartOf":{"@id":"https:\/\/arenagruppen.se\/rorelsejurister\/#website"},"datePublished":"2024-01-30T16:19:32+00:00","dateModified":"2026-04-10T20:44:10+00:00","description":"Akademin R\u00f6r r\u00f6relsejurister utbildar i praktisk och teoretisk juridik med fokus p\u00e5 r\u00e4ttskritik, barnr\u00e4tt, f\u00f6rvaltningsr\u00e4tt, boendefr\u00e5gor, migrationsr\u00e4tt, hbtqi-r\u00e4ttigheter, processf\u00f6ring, demokratiarbete och mycket mera. H\u00e4r f\u00e5r du som jobbar r\u00f6relsejuridiskt en plattform d\u00e4r du f\u00e5r l\u00e4ra k\u00e4nna likasinnade och yrkesverksamma praktiker och akademiker. Du f\u00e5r ta del av konkreta verktyg och knyta kontakter som \u00e4r nyttiga f\u00f6r s\u00e5v\u00e4l dig sj\u00e4lv som den r\u00f6relse som du redan idag \u00e4r en del av.","breadcrumb":{"@id":"https:\/\/arenagruppen.se\/rorelsejurister\/ansok\/#breadcrumb"},"inLanguage":"sv-SE","potentialAction":[{"@type":"ReadAction","target":["https:\/\/arenagruppen.se\/rorelsejurister\/ansok\/"]}]},{"@type":"BreadcrumbList","@id":"https:\/\/arenagruppen.se\/rorelsejurister\/ansok\/#breadcrumb","itemListElement":[{"@type":"ListItem","position":1,"name":"Hem","item":"https:\/\/arenagruppen.se\/rorelsejurister\/"},{"@type":"ListItem","position":2,"name":"Ans\u00f6k till akademi"}]},{"@type":"WebSite","@id":"https:\/\/arenagruppen.se\/rorelsejurister\/#website","url":"https:\/\/arenagruppen.se\/rorelsejurister\/","name":"Akademin f\u00f6r R\u00f6relsejurister","description":"","publisher":{"@id":"https:\/\/arenagruppen.se\/rorelsejurister\/#organization"},"potentialAction":[{"@type":"SearchAction","target":{"@type":"EntryPoint","urlTemplate":"https:\/\/arenagruppen.se\/rorelsejurister\/?s={search_term_string}"},"query-input":"required name=search_term_string"}],"inLanguage":"sv-SE"},{"@type":"Organization","@id":"https:\/\/arenagruppen.se\/rorelsejurister\/#organization","name":"Akademin f\u00f6r R\u00f6relsejurister","url":"https:\/\/arenagruppen.se\/rorelsejurister\/","logo":{"@type":"ImageObject","inLanguage":"sv-SE","@id":"https:\/\/arenagruppen.se\/rorelsejurister\/#\/schema\/logo\/image\/","url":"https:\/\/arenagruppen.se\/rorelsejurister\/wp-content\/uploads\/sites\/11\/2024\/01\/resurs-1.png","contentUrl":"https:\/\/arenagruppen.se\/rorelsejurister\/wp-content\/uploads\/sites\/11\/2024\/01\/resurs-1.png","width":1206,"height":313,"caption":"Akademin f\u00f6r R\u00f6relsejurister"},"image":{"@id":"https:\/\/arenagruppen.se\/rorelsejurister\/#\/schema\/logo\/image\/"}}]}},"_links":{"self":[{"href":"https:\/\/arenagruppen.se\/rorelsejurister\/wp-json\/wp\/v2\/pages\/7","targetHints":{"allow":["GET"]}}],"collection":[{"href":"https:\/\/arenagruppen.se\/rorelsejurister\/wp-json\/wp\/v2\/pages"}],"about":[{"href":"https:\/\/arenagruppen.se\/rorelsejurister\/wp-json\/wp\/v2\/types\/page"}],"author":[{"embeddable":true,"href":"https:\/\/arenagruppen.se\/rorelsejurister\/wp-json\/wp\/v2\/users\/1"}],"replies":[{"embeddable":true,"href":"https:\/\/arenagruppen.se\/rorelsejurister\/wp-json\/wp\/v2\/comments?post=7"}],"version-history":[{"count":10,"href":"https:\/\/arenagruppen.se\/rorelsejurister\/wp-json\/wp\/v2\/pages\/7\/revisions"}],"predecessor-version":[{"id":307,"href":"https:\/\/arenagruppen.se\/rorelsejurister\/wp-json\/wp\/v2\/pages\/7\/revisions\/307"}],"wp:featuredmedia":[{"embeddable":true,"href":"https:\/\/arenagruppen.se\/rorelsejurister\/wp-json\/wp\/v2\/media\/324"}],"wp:attachment":[{"href":"https:\/\/arenagruppen.se\/rorelsejurister\/wp-json\/wp\/v2\/media?parent=7"}],"curies":[{"name":"wp","href":"https:\/\/api.w.org\/{rel}","templated":true}]}}