{"id":67,"date":"2024-02-21T13:22:40","date_gmt":"2024-02-21T12:22:40","guid":{"rendered":"https:\/\/arenagruppen.se\/produktivitetskom\/?page_id=67"},"modified":"2024-10-30T13:54:58","modified_gmt":"2024-10-30T12:54:58","slug":"texter-och-analyser","status":"publish","type":"page","link":"https:\/\/arenagruppen.se\/produktivitetskommissionen\/material\/texter-och-analyser\/","title":{"rendered":"Kr\u00f6nikor och analyser"},"content":{"rendered":"\n<div class=\"wp-block-query is-layout-flow wp-block-query-is-layout-flow\"><ul class=\"is-flex-container columns-2 wp-block-post-template is-layout-flow wp-block-post-template-is-layout-flow\"><li class=\"wp-block-post post-550 post type-post status-publish format-standard hentry category-kronika-och-analys category-nyheter\">\n\n<div class=\"wp-block-group is-layout-flow wp-block-group-is-layout-flow\" style=\"padding-top:30px;padding-right:30px;padding-bottom:30px;padding-left:30px\"><h5 class=\"wp-block-post-title\"><a href=\"https:\/\/arenagruppen.se\/produktivitetskommissionen\/2025\/09\/09\/kronika-varfor-star-arbetsmiljon-i-sverige-och-stampar\/\" target=\"_self\" >Kr\u00f6nika: Varf\u00f6r st\u00e5r arbetsmilj\u00f6n i Sverige och stampar?<\/a><\/h5>\n\n<div class=\"wp-block-post-excerpt\"><p class=\"wp-block-post-excerpt__excerpt\">Och hur b\u00f6r det fackliga Sverige driva p\u00e5 f\u00f6r en skarpare politik f\u00f6r ett \u00f6kat v\u00e4lbefinnande i arbetet? <\/p><\/div>\n\n<div class=\"wp-block-post-date\"><time datetime=\"2025-09-09T22:05:57+02:00\">9 september 2025<\/time><\/div><\/div>\n\n<\/li><li class=\"wp-block-post post-545 post type-post status-publish format-standard hentry category-kronika-och-analys category-nyheter\">\n\n<div class=\"wp-block-group is-layout-flow wp-block-group-is-layout-flow\" style=\"padding-top:30px;padding-right:30px;padding-bottom:30px;padding-left:30px\"><h5 class=\"wp-block-post-title\"><a href=\"https:\/\/arenagruppen.se\/produktivitetskommissionen\/2025\/08\/11\/kronika-ska-sveriges-fattiga-noja-sig-med-att-de-hade-varit-rika-i-somalia\/\" target=\"_self\" >Kr\u00f6nika: Ska Sveriges fattiga n\u00f6ja sig med att de hade varit rika i Somalia?<\/a><\/h5>\n\n<div class=\"wp-block-post-excerpt\"><p class=\"wp-block-post-excerpt__excerpt\">Nollsummet\u00e4nkandet \u00f6kar i Sverige. Det \u00e4r en naturlig konsekvens av den f\u00f6rda politiken. <\/p><\/div>\n\n<div class=\"wp-block-post-date\"><time datetime=\"2025-08-11T22:23:23+02:00\">11 augusti 2025<\/time><\/div><\/div>\n\n<\/li><li class=\"wp-block-post post-534 post type-post status-publish format-standard hentry category-kronika-och-analys category-nyheter\">\n\n<div class=\"wp-block-group is-layout-flow wp-block-group-is-layout-flow\" style=\"padding-top:30px;padding-right:30px;padding-bottom:30px;padding-left:30px\"><h5 class=\"wp-block-post-title\"><a href=\"https:\/\/arenagruppen.se\/produktivitetskommissionen\/2025\/06\/28\/kronika-nar-dns-goda-ambitioner-ger-politiserad-journalistik\/\" target=\"_self\" >Kr\u00f6nika: N\u00e4r DN:s goda ambitioner blir till politiserad journalistik<\/a><\/h5>\n\n<div class=\"wp-block-post-excerpt\"><p class=\"wp-block-post-excerpt__excerpt\">F\u00f6rstahandsk\u00e4llor, offentlig statistik och expertst\u00f6d garanterar inte saklighet. <\/p><\/div>\n\n<div class=\"wp-block-post-date\"><time datetime=\"2025-06-28T21:37:22+02:00\">28 juni 2025<\/time><\/div><\/div>\n\n<\/li><li class=\"wp-block-post post-494 post type-post status-publish format-standard hentry category-kronika-och-analys category-nyheter\">\n\n<div class=\"wp-block-group is-layout-flow wp-block-group-is-layout-flow\" style=\"padding-top:30px;padding-right:30px;padding-bottom:30px;padding-left:30px\"><h5 class=\"wp-block-post-title\"><a href=\"https:\/\/arenagruppen.se\/produktivitetskommissionen\/2025\/06\/09\/dn-debatt-i-nollsummespelet-blir-vi-alla-ekonomiska-forlorare\/\" target=\"_self\" >DN Debatt: I nollsummespelet blir vi alla ekonomiska f\u00f6rlorare<\/a><\/h5>\n\n<div class=\"wp-block-post-excerpt\"><p class=\"wp-block-post-excerpt__excerpt\">Kopiera in den h\u00e4r l\u00e4nken i adressraden: https:\/\/www.dn.se\/debatt\/i-nollsummespelet-blir-vi-alla-ekonomiska-forlorare\/ <\/p><\/div>\n\n<div class=\"wp-block-post-date\"><time datetime=\"2025-06-09T15:33:34+02:00\">9 juni 2025<\/time><\/div><\/div>\n\n<\/li><li class=\"wp-block-post post-492 post type-post status-publish format-standard hentry category-kronika-och-analys category-nyheter\">\n\n<div class=\"wp-block-group is-layout-flow wp-block-group-is-layout-flow\" style=\"padding-top:30px;padding-right:30px;padding-bottom:30px;padding-left:30px\"><h5 class=\"wp-block-post-title\"><a href=\"https:\/\/arenagruppen.se\/produktivitetskommissionen\/2025\/06\/09\/kronika-populist-javisst\/\" target=\"_self\" >Kr\u00f6nika: Populist, javisst!<\/a><\/h5>\n\n<div class=\"wp-block-post-excerpt\"><p class=\"wp-block-post-excerpt__excerpt\">Vem \u00e4r populist och hur best\u00e4ms det? <\/p><\/div>\n\n<div class=\"wp-block-post-date\"><time datetime=\"2025-06-09T15:27:35+02:00\">9 juni 2025<\/time><\/div><\/div>\n\n<\/li><li class=\"wp-block-post post-489 post type-post status-publish format-standard hentry category-kronika-och-analys category-nyheter\">\n\n<div class=\"wp-block-group is-layout-flow wp-block-group-is-layout-flow\" style=\"padding-top:30px;padding-right:30px;padding-bottom:30px;padding-left:30px\"><h5 class=\"wp-block-post-title\"><a href=\"https:\/\/arenagruppen.se\/produktivitetskommissionen\/2025\/06\/09\/kronika-fem-fragor-till-regeringens-produktivitetskommission\/\" target=\"_self\" >Kr\u00f6nika: Fem fr\u00e5gor till regeringens produktivitetskommission<\/a><\/h5>\n\n<div class=\"wp-block-post-excerpt\"><p class=\"wp-block-post-excerpt__excerpt\">Kommissionen m\u00e5ste ta sig f\u00f6rbi gammal forskning och ideologisk sk\u00e5pmat <\/p><\/div>\n\n<div class=\"wp-block-post-date\"><time datetime=\"2025-06-09T15:23:53+02:00\">9 juni 2025<\/time><\/div><\/div>\n\n<\/li><\/ul><\/div>\n\n\n\n<p><a href=\"https:\/\/www.dagensarena.se\/opinion\/hur-val-fungerar-sparv-och-hastskitsteorin\/\">Hur v\u00e4l fungerar sparv- och h\u00e4stskitsteorin?<\/a><\/p>\n\n\n\n<p><a href=\"https:\/\/www.dagensarena.se\/opinion\/flyr-forskningen-sverige\/\">Kr\u00f6nika: Flyr forskningen Sverige?<\/a><\/p>\n\n\n\n<p><a href=\"https:\/\/www.dagensarena.se\/opinion\/vad-bor-sveriges-nya-tillvaxtberattelse-innehalla\/\">Kr\u00f6nika: Vad b\u00f6r Sveriges nya tillv\u00e4xtber\u00e4ttelse inneh\u00e5lla?<\/a><\/p>\n\n\n\n<p><a href=\"https:\/\/www.dagensarena.se\/opinion\/varfor-tror-vi-att-det-ar-lattare-att-byta-jobb-tandkram\/\">Kr\u00f6nika: Varf\u00f6r tror vi att det \u00e4r l\u00e4ttare att byta jobb \u00e4n tandkr\u00e4m?<\/a><\/p>\n\n\n\n<p><a href=\"https:\/\/www.socialeurope.eu\/competition-policy-turn-to-the-labour-market\">Competition policy: turn to the labour market<\/a><\/p>\n\n\n\n<p><a href=\"Sweden: a social model losing its sheen\">Sweden: a social model losing its sheen<\/a><\/p>\n\n\n\n<p><a href=\"https:\/\/www.socialeurope.eu\/technological-development-valuing-labour\">Technological development: valuing labour<\/a><\/p>\n\n\n\n<p><a href=\"https:\/\/www.dagensarena.se\/opinion\/ar-det-sant-att-vi-har-blivit-rikare\/\">Kr\u00f6nika: \u00c4r det sant att vi har blivit rikare?<\/a><\/p>\n\n\n\n<p><a href=\"https:\/\/www.dagensarena.se\/opinion\/vad-kravs-att-laga-den-trasiga-brittiska-ekonomin\/\">Kr\u00f6nika: Vad kr\u00e4vs f\u00f6r att laga den trasiga brittiska ekonomin?<\/a><\/p>\n\n\n\n<p><a href=\"https:\/\/www.dagensarena.se\/opinion\/ebba-och-nooshi-dansar-pardans\/\">Kr\u00f6nika: Ebba och Nooshi dansar pardans<\/a><\/p>\n\n\n\n<p><a href=\"https:\/\/www.socialeurope.eu\/sweden-a-social-model-losing-its-sheen\">Sweden: a social model losing its sheen<\/a><\/p>\n\n\n\n<p><a href=\"https:\/\/www.dagensarena.se\/opinion\/svenska-samhallsmodellen-maste-reformeras\/\">Kr\u00f6nika: Svenska samh\u00e4llsmodellen m\u00e5ste reformeras<\/a><\/p>\n\n\n\n<p><a href=\"https:\/\/www.dagensarena.se\/opinion\/dodlig-fortvivlan-och-syltburkar\/\">Kr\u00f6nika: D\u00f6dlig f\u00f6rtvivlan och syltburkar<\/a><\/p>\n\n\n\n<p><a href=\"https:\/\/www.dagensarena.se\/opinion\/hur-mycket-industripolitik-ska-vi-ha\/\">Kr\u00f6nika: Hur mycket industripolitik ska vi ha?<\/a><\/p>\n\n\n\n<p><a href=\"https:\/\/www.dagensarena.se\/opinion\/vill-du-att-sverige-ska-bli-mer-socialt-cementerat\/\">Kr\u00f6nika: Vill du att Sverige ska bli mer socialt cementerat?<\/a><\/p>\n\n\n\n<p><a href=\"https:\/\/www.dagensarena.se\/opinion\/foretagsvinsternas-superkonjunktur-pa-rekordniva\/\">Kr\u00f6nika: F\u00f6retagsvinsternas superkonjunktur p\u00e5 rekordniv\u00e5<\/a><\/p>\n\n\n\n<p><a href=\"https:\/\/www.dagensarena.se\/opinion\/superforetagens-fordelar-och-nackdelar\/\">Kr\u00f6nika: Superf\u00f6retagens f\u00f6rdelar och nackdelar<\/a><\/p>\n\n\n\n<p><a href=\"https:\/\/www.dagensarena.se\/opinion\/detta-maste-regeringens-produktivitetskommission-fokusera-pa\/\">Kr\u00f6nika: Detta m\u00e5ste regeringens produktivitetskommission fokusera p\u00e5<\/a><\/p>\n\n\n\n<p><a href=\"https:\/\/www.dagensarena.se\/opinion\/stora-investeringar-kravs-sveriges-produktiva-formaga\/\">Kr\u00f6nika: Det kr\u00e4vs stora investeringar i Sveriges produktiva f\u00f6rm\u00e5ga<\/a><\/p>\n\n\n\n<p><a href=\"https:\/\/www.dagensarena.se\/opinion\/lyssna-pa-kvinnliga-ekonomer\/\">Kr\u00f6nika: Lyssna p\u00e5 kvinnliga ekonomer<\/a><\/p>\n\n\n\n<p><a href=\"https:\/\/www.dagensarena.se\/opinion\/lonsam-lycka\/\">L\u00f6nsam lycka<\/a><\/p>\n\n\n\n<p><a href=\"https:\/\/www.dagensarena.se\/opinion\/nytt-lonemarke-och-fulltecknade-kalendrar\/\">Nytt l\u00f6nem\u00e4rke och fulltecknade kalendrar<\/a><\/p>\n\n\n\n<p><a href=\"https:\/\/www.dagensarena.se\/opinion\/varfor-ar-skandinavien-varldens-mest-produktiva-region\/\">Varf\u00f6r \u00e4r Skandinavien v\u00e4rldens mest produktiva region?<\/a><\/p>\n\n\n\n<p><a href=\"https:\/\/www.dagensarena.se\/essa\/ar-svenska-loner-30-procent-laga\/\">Arena Ess\u00e4: \u00c4r svenska l\u00f6ner 30 procent f\u00f6r l\u00e5ga?<\/a><\/p>\n\n\n\n<p><a href=\"https:\/\/www.dagensarena.se\/opinion\/spelar-det-roll-vilken-bakgrund-vdn-har\/\">Kr\u00f6nika: Milton Friedman och v\u00e4stv\u00e4rldens l\u00f6neandel<\/a><\/p>\n\n\n\n<p><a href=\"https:\/\/www.linkedin.com\/pulse\/%25C3%25A4r-svenska-industril%25C3%25B6ner-30-procent-f%25C3%25B6r-l%25C3%25A5ga-daniel-lind\/?published=t\">\u00c4r svenska industril\u00f6ner 30 procent f\u00f6r l\u00e5ga?<\/a><\/p>\n\n\n\n<p><a href=\"https:\/\/www.linkedin.com\/pulse\/klimatomst%25C3%25A4llningen-och-v%25C3%25A4stv%25C3%25A4rldens-svaga-daniel-lind\/?trackingId=xzeJ58AcTZOWuFILjEWG8A%3D%3D\">Klimatomst\u00e4llningen och v\u00e4stv\u00e4rldens svaga produktivitetstillv\u00e4xt<\/a><\/p>\n\n\n\n<p><a href=\"https:\/\/www.linkedin.com\/pulse\/kinachocken-v%C3%A4rldsekonomin-och-den-ekonomiska-politiken-daniel-lind?\">Kinachocken, v\u00e4rldsekonomin och den ekonomiska politiken<\/a><\/p>\n\n\n\n<p><a href=\"https:\/\/arenaide.us3.list-manage.com\/track\/click?u=11e45cbfa3a79db862585a3e9&amp;id=dfa801eec2&amp;e=410205f205\" target=\"_blank\" rel=\"noreferrer noopener\">Novus \u2013 Allm\u00e4nheten om ekonomisk r\u00f6rlighet maj 2022<\/a><\/p>\n\n\n\n<p><a href=\"https:\/\/arenaide.us3.list-manage.com\/track\/click?u=11e45cbfa3a79db862585a3e9&amp;id=97e8b40fd2&amp;e=410205f205\" target=\"_blank\" rel=\"noreferrer noopener\">Kompletteringen till Novus maj 2022 \u2013 DN debatt<\/a><\/p>\n\n\n\n<p><a href=\"https:\/\/arenaide.se\/rapporter\/svensk-teknikindustris-konkurrenskraft\/\">Svensk teknikindustris konkurrenskraft<\/a><\/p>\n\n\n\n<p><a href=\"https:\/\/arenaide.se\/rapporter\/vad-har-hant-med-svensk-industris-konkurrenskraft-sedan-1990-talet\/\">Vad har h\u00e4nt med svensk industris konkurrenskraft sedan 1990-talet?<\/a><\/p>\n","protected":false},"excerpt":{"rendered":"<p>Hur v\u00e4l fungerar sparv- och h\u00e4stskitsteorin? Kr\u00f6nika: Flyr forskningen Sverige? Kr\u00f6nika: Vad b\u00f6r Sveriges nya tillv\u00e4xtber\u00e4ttelse inneh\u00e5lla? Kr\u00f6nika: Varf\u00f6r tror vi att det \u00e4r l\u00e4ttare att byta jobb \u00e4n tandkr\u00e4m? Competition policy: turn to the labour market Sweden: a social model losing its sheen Technological development: valuing labour Kr\u00f6nika: \u00c4r det sant att vi har [&hellip;]<\/p>\n","protected":false},"author":1,"featured_media":0,"parent":87,"menu_order":0,"comment_status":"closed","ping_status":"closed","template":"","meta":{"footnotes":""},"class_list":["post-67","page","type-page","status-publish","hentry"],"yoast_head":"<!-- This site is optimized with the Yoast SEO plugin v19.12 - https:\/\/yoast.com\/wordpress\/plugins\/seo\/ -->\n<title>Kr\u00f6nikor och analyser - Facken inom industrins produktivitetskommission<\/title>\n<meta name=\"robots\" content=\"index, follow, max-snippet:-1, max-image-preview:large, max-video-preview:-1\" \/>\n<link rel=\"canonical\" href=\"https:\/\/arenagruppen.se\/produktivitetskommissionen\/material\/texter-och-analyser\/\" \/>\n<meta property=\"og:locale\" content=\"sv_SE\" \/>\n<meta property=\"og:type\" content=\"article\" \/>\n<meta property=\"og:title\" content=\"Kr\u00f6nikor och analyser - Facken inom industrins produktivitetskommission\" \/>\n<meta property=\"og:description\" content=\"Hur v\u00e4l fungerar sparv- och h\u00e4stskitsteorin? Kr\u00f6nika: Flyr forskningen Sverige? Kr\u00f6nika: Vad b\u00f6r Sveriges nya tillv\u00e4xtber\u00e4ttelse inneh\u00e5lla? Kr\u00f6nika: Varf\u00f6r tror vi att det \u00e4r l\u00e4ttare att byta jobb \u00e4n tandkr\u00e4m? Competition policy: turn to the labour market Sweden: a social model losing its sheen Technological development: valuing labour Kr\u00f6nika: \u00c4r det sant att vi har [&hellip;]\" \/>\n<meta property=\"og:url\" content=\"https:\/\/arenagruppen.se\/produktivitetskommissionen\/material\/texter-och-analyser\/\" \/>\n<meta property=\"og:site_name\" content=\"Facken inom industrins produktivitetskommission\" \/>\n<meta property=\"article:modified_time\" content=\"2024-10-30T12:54:58+00:00\" \/>\n<meta name=\"twitter:card\" content=\"summary_large_image\" \/>\n<meta name=\"twitter:label1\" content=\"Ber\u00e4knad l\u00e4stid\" \/>\n\t<meta name=\"twitter:data1\" content=\"1 minut\" \/>\n<script type=\"application\/ld+json\" class=\"yoast-schema-graph\">{\"@context\":\"https:\/\/schema.org\",\"@graph\":[{\"@type\":\"WebPage\",\"@id\":\"https:\/\/arenagruppen.se\/produktivitetskommissionen\/material\/texter-och-analyser\/\",\"url\":\"https:\/\/arenagruppen.se\/produktivitetskommissionen\/material\/texter-och-analyser\/\",\"name\":\"Kr\u00f6nikor och analyser - Facken inom industrins produktivitetskommission\",\"isPartOf\":{\"@id\":\"https:\/\/arenagruppen.se\/produktivitetskommissionen\/#website\"},\"datePublished\":\"2024-02-21T12:22:40+00:00\",\"dateModified\":\"2024-10-30T12:54:58+00:00\",\"breadcrumb\":{\"@id\":\"https:\/\/arenagruppen.se\/produktivitetskommissionen\/material\/texter-och-analyser\/#breadcrumb\"},\"inLanguage\":\"sv-SE\",\"potentialAction\":[{\"@type\":\"ReadAction\",\"target\":[\"https:\/\/arenagruppen.se\/produktivitetskommissionen\/material\/texter-och-analyser\/\"]}]},{\"@type\":\"BreadcrumbList\",\"@id\":\"https:\/\/arenagruppen.se\/produktivitetskommissionen\/material\/texter-och-analyser\/#breadcrumb\",\"itemListElement\":[{\"@type\":\"ListItem\",\"position\":1,\"name\":\"Hem\",\"item\":\"https:\/\/arenagruppen.se\/produktivitetskommissionen\/\"},{\"@type\":\"ListItem\",\"position\":2,\"name\":\"Texter\",\"item\":\"https:\/\/arenagruppen.se\/produktivitetskommissionen\/material\/\"},{\"@type\":\"ListItem\",\"position\":3,\"name\":\"Kr\u00f6nikor och analyser\"}]},{\"@type\":\"WebSite\",\"@id\":\"https:\/\/arenagruppen.se\/produktivitetskommissionen\/#website\",\"url\":\"https:\/\/arenagruppen.se\/produktivitetskommissionen\/\",\"name\":\"Facken inom industrins produktivitetskommission\",\"description\":\"\",\"publisher\":{\"@id\":\"https:\/\/arenagruppen.se\/produktivitetskommissionen\/#organization\"},\"potentialAction\":[{\"@type\":\"SearchAction\",\"target\":{\"@type\":\"EntryPoint\",\"urlTemplate\":\"https:\/\/arenagruppen.se\/produktivitetskommissionen\/?s={search_term_string}\"},\"query-input\":\"required name=search_term_string\"}],\"inLanguage\":\"sv-SE\"},{\"@type\":\"Organization\",\"@id\":\"https:\/\/arenagruppen.se\/produktivitetskommissionen\/#organization\",\"name\":\"Facken inom industrins produktivitetskommission\",\"url\":\"https:\/\/arenagruppen.se\/produktivitetskommissionen\/\",\"logo\":{\"@type\":\"ImageObject\",\"inLanguage\":\"sv-SE\",\"@id\":\"https:\/\/arenagruppen.se\/produktivitetskommissionen\/#\/schema\/logo\/image\/\",\"url\":\"https:\/\/arenagruppen.se\/produktivitetskommissionen\/wp-content\/uploads\/sites\/13\/2024\/02\/prodkom.png\",\"contentUrl\":\"https:\/\/arenagruppen.se\/produktivitetskommissionen\/wp-content\/uploads\/sites\/13\/2024\/02\/prodkom.png\",\"width\":448,\"height\":367,\"caption\":\"Facken inom industrins produktivitetskommission\"},\"image\":{\"@id\":\"https:\/\/arenagruppen.se\/produktivitetskommissionen\/#\/schema\/logo\/image\/\"}}]}<\/script>\n<!-- \/ Yoast SEO plugin. -->","yoast_head_json":{"title":"Kr\u00f6nikor och analyser - Facken inom industrins produktivitetskommission","robots":{"index":"index","follow":"follow","max-snippet":"max-snippet:-1","max-image-preview":"max-image-preview:large","max-video-preview":"max-video-preview:-1"},"canonical":"https:\/\/arenagruppen.se\/produktivitetskommissionen\/material\/texter-och-analyser\/","og_locale":"sv_SE","og_type":"article","og_title":"Kr\u00f6nikor och analyser - Facken inom industrins produktivitetskommission","og_description":"Hur v\u00e4l fungerar sparv- och h\u00e4stskitsteorin? Kr\u00f6nika: Flyr forskningen Sverige? Kr\u00f6nika: Vad b\u00f6r Sveriges nya tillv\u00e4xtber\u00e4ttelse inneh\u00e5lla? Kr\u00f6nika: Varf\u00f6r tror vi att det \u00e4r l\u00e4ttare att byta jobb \u00e4n tandkr\u00e4m? Competition policy: turn to the labour market Sweden: a social model losing its sheen Technological development: valuing labour Kr\u00f6nika: \u00c4r det sant att vi har [&hellip;]","og_url":"https:\/\/arenagruppen.se\/produktivitetskommissionen\/material\/texter-och-analyser\/","og_site_name":"Facken inom industrins produktivitetskommission","article_modified_time":"2024-10-30T12:54:58+00:00","twitter_card":"summary_large_image","twitter_misc":{"Ber\u00e4knad l\u00e4stid":"1 minut"},"schema":{"@context":"https:\/\/schema.org","@graph":[{"@type":"WebPage","@id":"https:\/\/arenagruppen.se\/produktivitetskommissionen\/material\/texter-och-analyser\/","url":"https:\/\/arenagruppen.se\/produktivitetskommissionen\/material\/texter-och-analyser\/","name":"Kr\u00f6nikor och analyser - Facken inom industrins produktivitetskommission","isPartOf":{"@id":"https:\/\/arenagruppen.se\/produktivitetskommissionen\/#website"},"datePublished":"2024-02-21T12:22:40+00:00","dateModified":"2024-10-30T12:54:58+00:00","breadcrumb":{"@id":"https:\/\/arenagruppen.se\/produktivitetskommissionen\/material\/texter-och-analyser\/#breadcrumb"},"inLanguage":"sv-SE","potentialAction":[{"@type":"ReadAction","target":["https:\/\/arenagruppen.se\/produktivitetskommissionen\/material\/texter-och-analyser\/"]}]},{"@type":"BreadcrumbList","@id":"https:\/\/arenagruppen.se\/produktivitetskommissionen\/material\/texter-och-analyser\/#breadcrumb","itemListElement":[{"@type":"ListItem","position":1,"name":"Hem","item":"https:\/\/arenagruppen.se\/produktivitetskommissionen\/"},{"@type":"ListItem","position":2,"name":"Texter","item":"https:\/\/arenagruppen.se\/produktivitetskommissionen\/material\/"},{"@type":"ListItem","position":3,"name":"Kr\u00f6nikor och analyser"}]},{"@type":"WebSite","@id":"https:\/\/arenagruppen.se\/produktivitetskommissionen\/#website","url":"https:\/\/arenagruppen.se\/produktivitetskommissionen\/","name":"Facken inom industrins produktivitetskommission","description":"","publisher":{"@id":"https:\/\/arenagruppen.se\/produktivitetskommissionen\/#organization"},"potentialAction":[{"@type":"SearchAction","target":{"@type":"EntryPoint","urlTemplate":"https:\/\/arenagruppen.se\/produktivitetskommissionen\/?s={search_term_string}"},"query-input":"required name=search_term_string"}],"inLanguage":"sv-SE"},{"@type":"Organization","@id":"https:\/\/arenagruppen.se\/produktivitetskommissionen\/#organization","name":"Facken inom industrins produktivitetskommission","url":"https:\/\/arenagruppen.se\/produktivitetskommissionen\/","logo":{"@type":"ImageObject","inLanguage":"sv-SE","@id":"https:\/\/arenagruppen.se\/produktivitetskommissionen\/#\/schema\/logo\/image\/","url":"https:\/\/arenagruppen.se\/produktivitetskommissionen\/wp-content\/uploads\/sites\/13\/2024\/02\/prodkom.png","contentUrl":"https:\/\/arenagruppen.se\/produktivitetskommissionen\/wp-content\/uploads\/sites\/13\/2024\/02\/prodkom.png","width":448,"height":367,"caption":"Facken inom industrins produktivitetskommission"},"image":{"@id":"https:\/\/arenagruppen.se\/produktivitetskommissionen\/#\/schema\/logo\/image\/"}}]}},"_links":{"self":[{"href":"https:\/\/arenagruppen.se\/produktivitetskommissionen\/wp-json\/wp\/v2\/pages\/67","targetHints":{"allow":["GET"]}}],"collection":[{"href":"https:\/\/arenagruppen.se\/produktivitetskommissionen\/wp-json\/wp\/v2\/pages"}],"about":[{"href":"https:\/\/arenagruppen.se\/produktivitetskommissionen\/wp-json\/wp\/v2\/types\/page"}],"author":[{"embeddable":true,"href":"https:\/\/arenagruppen.se\/produktivitetskommissionen\/wp-json\/wp\/v2\/users\/1"}],"replies":[{"embeddable":true,"href":"https:\/\/arenagruppen.se\/produktivitetskommissionen\/wp-json\/wp\/v2\/comments?post=67"}],"version-history":[{"count":10,"href":"https:\/\/arenagruppen.se\/produktivitetskommissionen\/wp-json\/wp\/v2\/pages\/67\/revisions"}],"predecessor-version":[{"id":423,"href":"https:\/\/arenagruppen.se\/produktivitetskommissionen\/wp-json\/wp\/v2\/pages\/67\/revisions\/423"}],"up":[{"embeddable":true,"href":"https:\/\/arenagruppen.se\/produktivitetskommissionen\/wp-json\/wp\/v2\/pages\/87"}],"wp:attachment":[{"href":"https:\/\/arenagruppen.se\/produktivitetskommissionen\/wp-json\/wp\/v2\/media?parent=67"}],"curies":[{"name":"wp","href":"https:\/\/api.w.org\/{rel}","templated":true}]}}