{"id":108,"date":"2024-03-11T09:41:59","date_gmt":"2024-03-11T08:41:59","guid":{"rendered":"https:\/\/arenagruppen.se\/produktivitetskommissionen\/?page_id=108"},"modified":"2024-08-28T10:32:45","modified_gmt":"2024-08-28T08:32:45","slug":"kalender","status":"publish","type":"page","link":"https:\/\/arenagruppen.se\/produktivitetskommissionen\/kalender\/","title":{"rendered":"Kalender"},"content":{"rendered":"\n<div class=\"wp-block-query is-layout-flow wp-block-query-is-layout-flow\"><ul class=\"wp-block-post-template is-layout-flow wp-block-post-template-is-layout-flow\"><li class=\"wp-block-post post-537 post type-post status-publish format-standard hentry category-kalender\">\n<h2 class=\"wp-block-post-title\"><a href=\"https:\/\/arenagruppen.se\/produktivitetskommissionen\/2025\/07\/17\/halvdagskonferens-vad-sager-regeringens-produktivitetskommission-i-sitt-slutbetankande\/\" target=\"_self\" >Halvdagskonferens: Vad s\u00e4ger regeringens produktivitetskommission i sitt slutbet\u00e4nkande?<\/a><\/h2>\n\n\n\n<div class=\"wp-block-post-excerpt\"><p class=\"wp-block-post-excerpt__excerpt\">V\u00e4lkommen till en f\u00f6rmiddag d\u00e4r vi diskuterar de analyser och reformf\u00f6rslag som kommissionen presenterar i sitt slutbet\u00e4nkande. Tors, 9 okt, kl 9.00-11.30. Mer info och anm\u00e4lan via l\u00e4nken nedan.<\/p><p class=\"wp-block-post-excerpt__more-text\"><a class=\"wp-block-post-excerpt__more-link\" href=\"https:\/\/arenagruppen.se\/produktivitetskommissionen\/2025\/07\/17\/halvdagskonferens-vad-sager-regeringens-produktivitetskommission-i-sitt-slutbetankande\/\"><strong>L\u00e4s mer h\u00e4r<\/strong><\/a><\/p><\/div>\n\n\n<hr class=\"wp-block-separator has-css-opacity\"\/>\n\n<\/li><li class=\"wp-block-post post-527 post type-post status-publish format-standard hentry category-kalender category-nyheter\">\n<h2 class=\"wp-block-post-title\"><a href=\"https:\/\/arenagruppen.se\/produktivitetskommissionen\/2025\/06\/23\/lunchwebbinarium-myter-fakta-och-lardomar-om-de-sma-inkomstklyftorna-i-sverige\/\" target=\"_self\" >Lunchwebbinarium: Myter, fakta och l\u00e4rdomar om de sm\u00e5 inkomstklyftorna i Sverige<\/a><\/h2>\n\n\n\n<div class=\"wp-block-post-excerpt\"><p class=\"wp-block-post-excerpt__excerpt\">Tors, 27 nov, kl 11.30-12.30. Med Kjell Salvanes. Webbinariet tar sin utg\u00e5ngspunkt i den nya rapporten &#8220;Income inequality in the Nordic countries: Myths, facts, and lessons&#8221;. Mer info och anm\u00e4lan via l\u00e4nken nedan.<\/p><p class=\"wp-block-post-excerpt__more-text\"><a class=\"wp-block-post-excerpt__more-link\" href=\"https:\/\/arenagruppen.se\/produktivitetskommissionen\/2025\/06\/23\/lunchwebbinarium-myter-fakta-och-lardomar-om-de-sma-inkomstklyftorna-i-sverige\/\"><strong>L\u00e4s mer h\u00e4r<\/strong><\/a><\/p><\/div>\n\n\n<hr class=\"wp-block-separator has-css-opacity\"\/>\n\n<\/li><li class=\"wp-block-post post-519 post type-post status-publish format-standard hentry category-kalender category-nyheter\">\n<h2 class=\"wp-block-post-title\"><a href=\"https:\/\/arenagruppen.se\/produktivitetskommissionen\/2025\/06\/19\/webbinarium-makroekonomiska-effekter-av-svag-lontagarmakt\/\" target=\"_self\" >Webbinarium: Makroekonomiska effekter av svag l\u00f6ntagarmakt<\/a><\/h2>\n\n\n\n<div class=\"wp-block-post-excerpt\"><p class=\"wp-block-post-excerpt__excerpt\">Tisdag, 11 nov, kl 16-17. Med Anna Stansbury. Mer info och anm\u00e4lan via l\u00e4nken.<\/p><p class=\"wp-block-post-excerpt__more-text\"><a class=\"wp-block-post-excerpt__more-link\" href=\"https:\/\/arenagruppen.se\/produktivitetskommissionen\/2025\/06\/19\/webbinarium-makroekonomiska-effekter-av-svag-lontagarmakt\/\"><strong>L\u00e4s mer h\u00e4r<\/strong><\/a><\/p><\/div>\n\n\n<hr class=\"wp-block-separator has-css-opacity\"\/>\n\n<\/li><li class=\"wp-block-post post-480 post type-post status-publish format-standard hentry category-kalender category-nyheter\">\n<h2 class=\"wp-block-post-title\"><a href=\"https:\/\/arenagruppen.se\/produktivitetskommissionen\/2025\/06\/09\/webbinarium-14-okt-kl-12-13\/\" target=\"_self\" >Webbinarium: Leder facklig organisering och l\u00f6ntagarmakt till en b\u00e4ttre ekonomi?<\/a><\/h2>\n\n\n\n<div class=\"wp-block-post-excerpt\"><p class=\"wp-block-post-excerpt__excerpt\">14 oktober, kl 12-13. Med professor Alexander Willen. Mer info och anm\u00e4lan via l\u00e4nken.<\/p><p class=\"wp-block-post-excerpt__more-text\"><a class=\"wp-block-post-excerpt__more-link\" href=\"https:\/\/arenagruppen.se\/produktivitetskommissionen\/2025\/06\/09\/webbinarium-14-okt-kl-12-13\/\"><strong>L\u00e4s mer h\u00e4r<\/strong><\/a><\/p><\/div>\n\n\n<hr class=\"wp-block-separator has-css-opacity\"\/>\n\n<\/li><\/ul><\/div>\n","protected":false},"excerpt":{"rendered":"","protected":false},"author":1,"featured_media":0,"parent":0,"menu_order":0,"comment_status":"closed","ping_status":"closed","template":"","meta":{"footnotes":""},"class_list":["post-108","page","type-page","status-publish","hentry"],"yoast_head":"<!-- This site is optimized with the Yoast SEO plugin v19.12 - https:\/\/yoast.com\/wordpress\/plugins\/seo\/ -->\n<title>Kalender - Facken inom industrins produktivitetskommission<\/title>\n<meta name=\"robots\" content=\"index, follow, max-snippet:-1, max-image-preview:large, max-video-preview:-1\" \/>\n<link rel=\"canonical\" href=\"https:\/\/arenagruppen.se\/produktivitetskommissionen\/kalender\/\" \/>\n<meta property=\"og:locale\" content=\"sv_SE\" \/>\n<meta property=\"og:type\" content=\"article\" \/>\n<meta property=\"og:title\" content=\"Kalender - Facken inom industrins produktivitetskommission\" \/>\n<meta property=\"og:url\" content=\"https:\/\/arenagruppen.se\/produktivitetskommissionen\/kalender\/\" \/>\n<meta property=\"og:site_name\" content=\"Facken inom industrins produktivitetskommission\" \/>\n<meta property=\"article:modified_time\" content=\"2024-08-28T08:32:45+00:00\" \/>\n<meta name=\"twitter:card\" content=\"summary_large_image\" \/>\n<script type=\"application\/ld+json\" class=\"yoast-schema-graph\">{\"@context\":\"https:\/\/schema.org\",\"@graph\":[{\"@type\":\"WebPage\",\"@id\":\"https:\/\/arenagruppen.se\/produktivitetskommissionen\/kalender\/\",\"url\":\"https:\/\/arenagruppen.se\/produktivitetskommissionen\/kalender\/\",\"name\":\"Kalender - Facken inom industrins produktivitetskommission\",\"isPartOf\":{\"@id\":\"https:\/\/arenagruppen.se\/produktivitetskommissionen\/#website\"},\"datePublished\":\"2024-03-11T08:41:59+00:00\",\"dateModified\":\"2024-08-28T08:32:45+00:00\",\"breadcrumb\":{\"@id\":\"https:\/\/arenagruppen.se\/produktivitetskommissionen\/kalender\/#breadcrumb\"},\"inLanguage\":\"sv-SE\",\"potentialAction\":[{\"@type\":\"ReadAction\",\"target\":[\"https:\/\/arenagruppen.se\/produktivitetskommissionen\/kalender\/\"]}]},{\"@type\":\"BreadcrumbList\",\"@id\":\"https:\/\/arenagruppen.se\/produktivitetskommissionen\/kalender\/#breadcrumb\",\"itemListElement\":[{\"@type\":\"ListItem\",\"position\":1,\"name\":\"Hem\",\"item\":\"https:\/\/arenagruppen.se\/produktivitetskommissionen\/\"},{\"@type\":\"ListItem\",\"position\":2,\"name\":\"Kalender\"}]},{\"@type\":\"WebSite\",\"@id\":\"https:\/\/arenagruppen.se\/produktivitetskommissionen\/#website\",\"url\":\"https:\/\/arenagruppen.se\/produktivitetskommissionen\/\",\"name\":\"Facken inom industrins produktivitetskommission\",\"description\":\"\",\"publisher\":{\"@id\":\"https:\/\/arenagruppen.se\/produktivitetskommissionen\/#organization\"},\"potentialAction\":[{\"@type\":\"SearchAction\",\"target\":{\"@type\":\"EntryPoint\",\"urlTemplate\":\"https:\/\/arenagruppen.se\/produktivitetskommissionen\/?s={search_term_string}\"},\"query-input\":\"required name=search_term_string\"}],\"inLanguage\":\"sv-SE\"},{\"@type\":\"Organization\",\"@id\":\"https:\/\/arenagruppen.se\/produktivitetskommissionen\/#organization\",\"name\":\"Facken inom industrins produktivitetskommission\",\"url\":\"https:\/\/arenagruppen.se\/produktivitetskommissionen\/\",\"logo\":{\"@type\":\"ImageObject\",\"inLanguage\":\"sv-SE\",\"@id\":\"https:\/\/arenagruppen.se\/produktivitetskommissionen\/#\/schema\/logo\/image\/\",\"url\":\"https:\/\/arenagruppen.se\/produktivitetskommissionen\/wp-content\/uploads\/sites\/13\/2024\/02\/prodkom.png\",\"contentUrl\":\"https:\/\/arenagruppen.se\/produktivitetskommissionen\/wp-content\/uploads\/sites\/13\/2024\/02\/prodkom.png\",\"width\":448,\"height\":367,\"caption\":\"Facken inom industrins produktivitetskommission\"},\"image\":{\"@id\":\"https:\/\/arenagruppen.se\/produktivitetskommissionen\/#\/schema\/logo\/image\/\"}}]}<\/script>\n<!-- \/ Yoast SEO plugin. -->","yoast_head_json":{"title":"Kalender - Facken inom industrins produktivitetskommission","robots":{"index":"index","follow":"follow","max-snippet":"max-snippet:-1","max-image-preview":"max-image-preview:large","max-video-preview":"max-video-preview:-1"},"canonical":"https:\/\/arenagruppen.se\/produktivitetskommissionen\/kalender\/","og_locale":"sv_SE","og_type":"article","og_title":"Kalender - Facken inom industrins produktivitetskommission","og_url":"https:\/\/arenagruppen.se\/produktivitetskommissionen\/kalender\/","og_site_name":"Facken inom industrins produktivitetskommission","article_modified_time":"2024-08-28T08:32:45+00:00","twitter_card":"summary_large_image","schema":{"@context":"https:\/\/schema.org","@graph":[{"@type":"WebPage","@id":"https:\/\/arenagruppen.se\/produktivitetskommissionen\/kalender\/","url":"https:\/\/arenagruppen.se\/produktivitetskommissionen\/kalender\/","name":"Kalender - Facken inom industrins produktivitetskommission","isPartOf":{"@id":"https:\/\/arenagruppen.se\/produktivitetskommissionen\/#website"},"datePublished":"2024-03-11T08:41:59+00:00","dateModified":"2024-08-28T08:32:45+00:00","breadcrumb":{"@id":"https:\/\/arenagruppen.se\/produktivitetskommissionen\/kalender\/#breadcrumb"},"inLanguage":"sv-SE","potentialAction":[{"@type":"ReadAction","target":["https:\/\/arenagruppen.se\/produktivitetskommissionen\/kalender\/"]}]},{"@type":"BreadcrumbList","@id":"https:\/\/arenagruppen.se\/produktivitetskommissionen\/kalender\/#breadcrumb","itemListElement":[{"@type":"ListItem","position":1,"name":"Hem","item":"https:\/\/arenagruppen.se\/produktivitetskommissionen\/"},{"@type":"ListItem","position":2,"name":"Kalender"}]},{"@type":"WebSite","@id":"https:\/\/arenagruppen.se\/produktivitetskommissionen\/#website","url":"https:\/\/arenagruppen.se\/produktivitetskommissionen\/","name":"Facken inom industrins produktivitetskommission","description":"","publisher":{"@id":"https:\/\/arenagruppen.se\/produktivitetskommissionen\/#organization"},"potentialAction":[{"@type":"SearchAction","target":{"@type":"EntryPoint","urlTemplate":"https:\/\/arenagruppen.se\/produktivitetskommissionen\/?s={search_term_string}"},"query-input":"required name=search_term_string"}],"inLanguage":"sv-SE"},{"@type":"Organization","@id":"https:\/\/arenagruppen.se\/produktivitetskommissionen\/#organization","name":"Facken inom industrins produktivitetskommission","url":"https:\/\/arenagruppen.se\/produktivitetskommissionen\/","logo":{"@type":"ImageObject","inLanguage":"sv-SE","@id":"https:\/\/arenagruppen.se\/produktivitetskommissionen\/#\/schema\/logo\/image\/","url":"https:\/\/arenagruppen.se\/produktivitetskommissionen\/wp-content\/uploads\/sites\/13\/2024\/02\/prodkom.png","contentUrl":"https:\/\/arenagruppen.se\/produktivitetskommissionen\/wp-content\/uploads\/sites\/13\/2024\/02\/prodkom.png","width":448,"height":367,"caption":"Facken inom industrins produktivitetskommission"},"image":{"@id":"https:\/\/arenagruppen.se\/produktivitetskommissionen\/#\/schema\/logo\/image\/"}}]}},"_links":{"self":[{"href":"https:\/\/arenagruppen.se\/produktivitetskommissionen\/wp-json\/wp\/v2\/pages\/108","targetHints":{"allow":["GET"]}}],"collection":[{"href":"https:\/\/arenagruppen.se\/produktivitetskommissionen\/wp-json\/wp\/v2\/pages"}],"about":[{"href":"https:\/\/arenagruppen.se\/produktivitetskommissionen\/wp-json\/wp\/v2\/types\/page"}],"author":[{"embeddable":true,"href":"https:\/\/arenagruppen.se\/produktivitetskommissionen\/wp-json\/wp\/v2\/users\/1"}],"replies":[{"embeddable":true,"href":"https:\/\/arenagruppen.se\/produktivitetskommissionen\/wp-json\/wp\/v2\/comments?post=108"}],"version-history":[{"count":6,"href":"https:\/\/arenagruppen.se\/produktivitetskommissionen\/wp-json\/wp\/v2\/pages\/108\/revisions"}],"predecessor-version":[{"id":376,"href":"https:\/\/arenagruppen.se\/produktivitetskommissionen\/wp-json\/wp\/v2\/pages\/108\/revisions\/376"}],"wp:attachment":[{"href":"https:\/\/arenagruppen.se\/produktivitetskommissionen\/wp-json\/wp\/v2\/media?parent=108"}],"curies":[{"name":"wp","href":"https:\/\/api.w.org\/{rel}","templated":true}]}}

<div class="wp-block-query is-layout-flow wp-block-query-is-layout-flow"><ul class="wp-block-post-template is-layout-flow wp-block-post-template-is-layout-flow"><li class="wp-block-post post-537 post type-post status-publish format-standard hentry category-kalender">
<h2 class="wp-block-post-title"><a href="https://arenagruppen.se/produktivitetskommissionen/2025/07/17/halvdagskonferens-vad-sager-regeringens-produktivitetskommission-i-sitt-slutbetankande/" target="_self" >Halvdagskonferens: Vad säger regeringens produktivitetskommission i sitt slutbetänkande?</a></h2>



<div class="wp-block-post-excerpt"><p class="wp-block-post-excerpt__excerpt">Välkommen till en förmiddag där vi diskuterar de analyser och reformförslag som kommissionen presenterar i sitt slutbetänkande. Tors, 9 okt, kl 9.00-11.30. Mer info och anmälan via länken nedan.</p><p class="wp-block-post-excerpt__more-text"><a class="wp-block-post-excerpt__more-link" href="https://arenagruppen.se/produktivitetskommissionen/2025/07/17/halvdagskonferens-vad-sager-regeringens-produktivitetskommission-i-sitt-slutbetankande/"><strong>Läs mer här</strong></a></p></div>


<hr class="wp-block-separator has-css-opacity"/>

</li><li class="wp-block-post post-527 post type-post status-publish format-standard hentry category-kalender category-nyheter">
<h2 class="wp-block-post-title"><a href="https://arenagruppen.se/produktivitetskommissionen/2025/06/23/lunchwebbinarium-myter-fakta-och-lardomar-om-de-sma-inkomstklyftorna-i-sverige/" target="_self" >Lunchwebbinarium: Myter, fakta och lärdomar om de små inkomstklyftorna i Sverige</a></h2>



<div class="wp-block-post-excerpt"><p class="wp-block-post-excerpt__excerpt">Tors, 27 nov, kl 11.30-12.30. Med Kjell Salvanes. Webbinariet tar sin utgångspunkt i den nya rapporten &#8220;Income inequality in the Nordic countries: Myths, facts, and lessons&#8221;. Mer info och anmälan via länken nedan.</p><p class="wp-block-post-excerpt__more-text"><a class="wp-block-post-excerpt__more-link" href="https://arenagruppen.se/produktivitetskommissionen/2025/06/23/lunchwebbinarium-myter-fakta-och-lardomar-om-de-sma-inkomstklyftorna-i-sverige/"><strong>Läs mer här</strong></a></p></div>


<hr class="wp-block-separator has-css-opacity"/>

</li><li class="wp-block-post post-519 post type-post status-publish format-standard hentry category-kalender category-nyheter">
<h2 class="wp-block-post-title"><a href="https://arenagruppen.se/produktivitetskommissionen/2025/06/19/webbinarium-makroekonomiska-effekter-av-svag-lontagarmakt/" target="_self" >Webbinarium: Makroekonomiska effekter av svag löntagarmakt</a></h2>



<div class="wp-block-post-excerpt"><p class="wp-block-post-excerpt__excerpt">Tisdag, 11 nov, kl 16-17. Med Anna Stansbury. Mer info och anmälan via länken.</p><p class="wp-block-post-excerpt__more-text"><a class="wp-block-post-excerpt__more-link" href="https://arenagruppen.se/produktivitetskommissionen/2025/06/19/webbinarium-makroekonomiska-effekter-av-svag-lontagarmakt/"><strong>Läs mer här</strong></a></p></div>


<hr class="wp-block-separator has-css-opacity"/>

</li><li class="wp-block-post post-480 post type-post status-publish format-standard hentry category-kalender category-nyheter">
<h2 class="wp-block-post-title"><a href="https://arenagruppen.se/produktivitetskommissionen/2025/06/09/webbinarium-14-okt-kl-12-13/" target="_self" >Webbinarium: Leder facklig organisering och löntagarmakt till en bättre ekonomi?</a></h2>



<div class="wp-block-post-excerpt"><p class="wp-block-post-excerpt__excerpt">14 oktober, kl 12-13. Med professor Alexander Willen. Mer info och anmälan via länken.</p><p class="wp-block-post-excerpt__more-text"><a class="wp-block-post-excerpt__more-link" href="https://arenagruppen.se/produktivitetskommissionen/2025/06/09/webbinarium-14-okt-kl-12-13/"><strong>Läs mer här</strong></a></p></div>


<hr class="wp-block-separator has-css-opacity"/>

</li></ul></div>
