{"id":18,"date":"2024-03-05T15:10:38","date_gmt":"2024-03-05T14:10:38","guid":{"rendered":"https:\/\/arenagruppen.se\/maktochvalstand\/?page_id=18"},"modified":"2025-06-02T14:31:55","modified_gmt":"2025-06-02T12:31:55","slug":"program","status":"publish","type":"page","link":"https:\/\/arenagruppen.se\/fackenochframtiden\/program\/","title":{"rendered":"Program"},"content":{"rendered":"\n<div class=\"wp-block-group has-global-padding is-layout-constrained wp-block-group-is-layout-constrained\">\n<figure class=\"wp-block-table is-style-stripes has-small-font-size\"><table style=\"border-style:none;border-width:0px\"><tbody><tr><td><strong>Time<\/strong><\/td><td><strong>Program<\/strong><\/td><td><\/td><td class=\"has-text-align-left\" data-align=\"left\"><strong>Participants<\/strong><\/td><td><strong>Place<\/strong><\/td><td><\/td><\/tr><tr><td>08:30<\/td><td>Morning coffee and a sandwich<\/td><td><\/td><td class=\"has-text-align-left\" data-align=\"left\"><\/td><td><\/td><td><\/td><\/tr><tr><td>09.00-10.15<\/td><td><strong><a href=\"https:\/\/arenagruppen.se\/fackenochframtiden\/2025\/03\/18\/tite-testar\/\" target=\"_blank\" rel=\"noreferrer noopener\">Eng: Imperfect labour markets. What is it and why are they important?<\/a><\/strong><br><br><a href=\"https:\/\/arenagruppen.se\/fackenochframtiden\/2025\/03\/18\/hur-fungerar-verklighetens-arbetsmarknader\/\" target=\"_blank\" rel=\"noreferrer noopener\">Sve: Hur fungerar verklighetens arbetsmarknader?<\/a><\/td><td><\/td><td class=\"has-text-align-left\" data-align=\"left\"><strong>Keynote:<\/strong> <a href=\"https:\/\/arenagruppen.se\/fackenochframtiden\/2025\/03\/17\/alan-manning\/\">Alan Manning<\/a> (digital)<br><br><strong>Panel: <\/strong><a href=\"https:\/\/arenagruppen.se\/fackenochframtiden\/2025\/03\/17\/peter-hellberg\/\">Peter Hellberg<\/a><a href=\"https:\/\/arenagruppen.se\/fackenochframtiden\/2025\/03\/19\/camilla-martensen-2\/\">,<\/a> <a href=\"https:\/\/arenagruppen.se\/fackenochframtiden\/2025\/03\/17\/ardalan-shekarabi\/\">Ardalan Shekarabi<\/a>,<a href=\"https:\/\/arenagruppen.se\/fackenochframtiden\/2025\/05\/27\/leila-ali-elmi\/\"> Leila Ali Elm<\/a>i, <a href=\"https:\/\/arenagruppen.se\/fackenochframtiden\/2025\/04\/03\/oliver-rosengren\/\">Oliver Rosengren<\/a>, <a href=\"https:\/\/arenagruppen.se\/fackenochframtiden\/2025\/03\/17\/ida-gabrielsson\/\">Ida Gabrielsson<\/a><br><\/td><td>Z\u00e4tasalen, ABF<\/td><td><\/td><\/tr><tr><td>10:15-10:30<\/td><td>Short break<\/td><td><\/td><td class=\"has-text-align-left\" data-align=\"left\"><\/td><td><\/td><td><\/td><\/tr><tr><td><br>10.30-11.45<\/td><td><a href=\"https:\/\/arenagruppen.se\/fackenochframtiden\/2025\/03\/18\/minimum-wages-new-research-new-policy\/\" target=\"_blank\" rel=\"noreferrer noopener\"><strong>Eng: Minimum wages: New research, new policy<\/strong>.<\/a><br><br><a href=\"https:\/\/arenagruppen.se\/fackenochframtiden\/2025\/03\/18\/minimiloner-ny-forskning-ny-politik\/\" target=\"_blank\" rel=\"noreferrer noopener\">Sve: Minimil\u00f6ner: Ny forskning, ny politik<\/a><\/td><td><\/td><td class=\"has-text-align-left\" data-align=\"left\"><strong>Presentation: <\/strong><a href=\"https:\/\/arenagruppen.se\/fackenochframtiden\/2025\/03\/17\/attila-lindner\/\">Attila Lindner<\/a><br><br><strong>Panel:<\/strong> <a href=\"https:\/\/arenagruppen.se\/fackenochframtiden\/2025\/03\/21\/attila-lindner\/\">Attila Lindner<\/a>, <a href=\"https:\/\/arenagruppen.se\/fackenochframtiden\/2025\/03\/17\/thomas-carlen\/\">Thomas Carl\u00e9n<\/a>, <a href=\"https:\/\/arenagruppen.se\/fackenochframtiden\/2025\/03\/17\/charlotta-stern\/\">Charlotta Stern<\/a>, <a href=\"https:\/\/arenagruppen.se\/fackenochframtiden\/2025\/03\/17\/merja-kauhanen\/\">Merja Kauhanen<\/a><\/td><td>Z\u00e4tasalen, ABF<\/td><td><\/td><\/tr><tr><td>11.45-12.45<\/td><td><strong>Lunch<\/strong><\/td><td><\/td><td class=\"has-text-align-left\" data-align=\"left\"><\/td><td><\/td><td><\/td><\/tr><tr><td><\/td><td><em><strong>Parallel sessions<\/strong><\/em><\/td><td><\/td><td class=\"has-text-align-left\" data-align=\"left\"><\/td><td><\/td><td><\/td><\/tr><tr><td>12.45-14.00<\/td><td><a href=\"https:\/\/arenagruppen.se\/fackenochframtiden\/2025\/03\/18\/norway-as-a-laboratory-for-research-on-imperfect-labour-markets\/\" target=\"_blank\" rel=\"noreferrer noopener\"><strong>Eng: Norway as a laboratory for research on imperfect labour markets<\/strong>.&nbsp;<\/a><br><br><a href=\"https:\/\/arenagruppen.se\/fackenochframtiden\/2025\/03\/18\/lardomar-av-den-moderna-forskningen-om-norsk-arbetsmarknad\/\" target=\"_blank\" rel=\"noreferrer noopener\">Sve: L\u00e4rdomar av den moderna forskningen om norsk arbetsmarknad.<\/a><\/td><td><\/td><td class=\"has-text-align-left\" data-align=\"left\"><strong>Presentation: <\/strong><a href=\"https:\/\/arenagruppen.se\/fackenochframtiden\/2025\/03\/17\/harald-dale-olsen\/\">Harald Dale-Olsen<\/a><br><br><strong>Panel: <\/strong><a href=\"https:\/\/arenagruppen.se\/fackenochframtiden\/2025\/03\/17\/harald-dale-olsen\/\">Harald Dale-Olsen<\/a>, <a href=\"https:\/\/arenagruppen.se\/fackenochframtiden\/2025\/03\/17\/lars-andersen\/\">Lars Andersen<\/a>, <a href=\"https:\/\/arenagruppen.se\/fackenochframtiden\/2025\/03\/17\/erica-sjolander\/\">Erica Sj\u00f6lander<\/a>, <a href=\"https:\/\/arenagruppen.se\/fackenochframtiden\/2025\/03\/17\/anders-forslund\/\">Anders Forslund<\/a>, <a href=\"https:\/\/arenagruppen.se\/fackenochframtiden\/2025\/04\/03\/jon-erik-dolvik\/\">Jon Erik D\u00f8lvik<\/a><\/td><td>Sandlersalen, ABF<\/td><td><\/td><\/tr><tr><td>12.45-14.00<\/td><td><strong><a href=\"https:\/\/arenagruppen.se\/fackenochframtiden\/2025\/03\/18\/how-has-oecds-thinking-on-labour-markets-developed-over-time\/\" target=\"_blank\" rel=\"noreferrer noopener\">Eng: <\/a><a href=\"https:\/\/arenagruppen.se\/fackenochframtiden\/2025\/03\/18\/how-has-oecds-thinking-on-labour-markets-developed-over-time\/\">How has OECD thinking on labour markets and collective bargaining changed over time?<\/a><\/strong><br><br><a href=\"https:\/\/arenagruppen.se\/fackenochframtiden\/2025\/03\/18\/sve-how-has-oecds-thinking-on-labour-markets-developed-over-time\/\">Sve: Hur b\u00f6r vi t\u00e4nka om arbetsmarknaders funktionss\u00e4tt? OECD:s utveckling \u00f6ver tid.<\/a><\/td><td><\/td><td class=\"has-text-align-left\" data-align=\"left\"><strong>Presentation: <\/strong><a href=\"https:\/\/arenagruppen.se\/fackenochframtiden\/2025\/03\/17\/sandrine-cazes\/\">Sandrine Cazes<\/a> och <a href=\"https:\/\/arenagruppen.se\/fackenochframtiden\/2025\/03\/18\/alexander-hijzen\/\">Alexander Hijzen<\/a> (digital)<br><br><strong>Panel:<\/strong> <a href=\"https:\/\/arenagruppen.se\/fackenochframtiden\/2025\/03\/17\/roger-mortvik\/\">Roger M\u00f6rtvik<\/a>, <a href=\"https:\/\/arenagruppen.se\/fackenochframtiden\/2025\/03\/17\/patrick-joyce\/\">Patrick Joyce<\/a>, <a href=\"https:\/\/arenagruppen.se\/fackenochframtiden\/2025\/03\/17\/adnan-habibija\/\">Adnan Habibija<\/a>, <a href=\"https:\/\/arenagruppen.se\/fackenochframtiden\/2025\/05\/22\/oskar-nordstrom-skans\/\">Oskar Nordstr\u00f6m Skans<\/a><\/td><td>Z\u00e4tasalen, ABF<\/td><td><\/td><\/tr><tr><td>14.00-14.30<\/td><td><strong>Coffee break<\/strong><\/td><td><\/td><td class=\"has-text-align-left\" data-align=\"left\"><\/td><td><\/td><td><\/td><\/tr><tr><td><\/td><td><em><strong>Parallel sessions<\/strong><\/em><\/td><td><\/td><td class=\"has-text-align-left\" data-align=\"left\"><\/td><td><\/td><td><\/td><\/tr><tr><td>14.30-15.45<\/td><td><strong><a href=\"https:\/\/arenagruppen.se\/fackenochframtiden\/2025\/03\/18\/how-can-competition-policy-improve-labour-market-efficiency\/\" target=\"_blank\" rel=\"noreferrer noopener\">Eng:<\/a><\/strong><a href=\"https:\/\/arenagruppen.se\/fackenochframtiden\/2025\/03\/18\/how-can-competition-policy-improve-labour-market-efficiency\/\"><strong> <\/strong>Competition in labor markets: From research to policy<\/a><br><br><a href=\"https:\/\/arenagruppen.se\/fackenochframtiden\/2025\/03\/18\/hur-kan-konkurrenspolitiken-forbattra-arbetsmarknaders-funktionssatt\/\" target=\"_blank\" rel=\"noreferrer noopener\">Sve: Hur kan konkurrenspolitiken f\u00f6rb\u00e4ttra arbetsmarknaders funktionss\u00e4tt?<\/a><\/td><td><\/td><td class=\"has-text-align-left\" data-align=\"left\"><strong>Presentation: <\/strong><a href=\"https:\/\/arenagruppen.se\/fackenochframtiden\/2025\/03\/17\/ioana-marinescu\/\">Ioana Marinescu<\/a> (digital)<br><br><strong>Panel:<\/strong> <a href=\"https:\/\/arenagruppen.se\/fackenochframtiden\/2025\/03\/17\/arvid-fredenberg\/\">Arvid Fredenberg<\/a>, <a href=\"https:\/\/arenagruppen.se\/fackenochframtiden\/2025\/03\/17\/johan-kreicbergs\/\">Johan Kreicbergs<\/a>, <a href=\"https:\/\/arenagruppen.se\/fackenochframtiden\/2025\/03\/17\/wouter-zwysen\/\">Wouter Zwysen<\/a>, <a href=\"https:\/\/arenagruppen.se\/fackenochframtiden\/2025\/03\/19\/joakim-smedman\/\">Joakim Smedman<\/a><\/td><td>Sandlersalen, ABF<\/td><td><\/td><\/tr><tr><td>14.30-15.45<\/td><td><a href=\"https:\/\/arenagruppen.se\/fackenochframtiden\/2025\/03\/18\/macroeconomic-effects-of-weak-labour-market-power\/\" target=\"_blank\" rel=\"noreferrer noopener\"><strong>Eng: Macroeconomic effects of weak labour market power<\/strong>.<\/a><br><br><a href=\"https:\/\/arenagruppen.se\/fackenochframtiden\/2025\/03\/18\/makroekonomiska-konsekvenser-av-svag-lontagarmakt\/\" target=\"_blank\" rel=\"noreferrer noopener\">Sve: Makroekonomiska konsekvenser av svag l\u00f6ntagarmakt.<\/a><\/td><td><\/td><td class=\"has-text-align-left\" data-align=\"left\"><strong>Presentation: <\/strong><a href=\"https:\/\/arenagruppen.se\/fackenochframtiden\/2025\/03\/17\/anna-stansbury\/\">Anna Stansbury<\/a> (digital)<br><br><strong>Panel: <\/strong><a href=\"https:\/\/arenagruppen.se\/fackenochframtiden\/2025\/03\/17\/irene-wennemo\/\">Irene Wennemo<\/a>, <a href=\"https:\/\/arenagruppen.se\/fackenochframtiden\/2025\/03\/17\/fredrik-soderqvist\/\">Fredrik S\u00f6derqvist<\/a>, <a href=\"https:\/\/arenagruppen.se\/fackenochframtiden\/2025\/03\/19\/tobias-brannemo\/\">Tobias Br\u00e4nnemo<\/a><a href=\"https:\/\/arenagruppen.se\/fackenochframtiden\/2025\/06\/02\/roger-bjornstad\/\">, Roger Bj\u00f8rnstad<\/a><\/td><td>Z\u00e4tasalen, ABF<\/td><td><\/td><\/tr><tr><td><br>16.00-16.45<\/td><td>Closing discussion <br>(in Swedish).<\/td><td><\/td><td class=\"has-text-align-left\" data-align=\"left\"><a href=\"https:\/\/arenagruppen.se\/fackenochframtiden\/2025\/03\/17\/per-molander\/\">Per Molander<\/a>, <a href=\"https:\/\/arenagruppen.se\/fackenochframtiden\/2025\/03\/20\/daniel-swedin\/\">Daniel Swedin<\/a>, <a href=\"https:\/\/arenagruppen.se\/fackenochframtiden\/2025\/03\/31\/ursula-berge\/\">Ursula Berge<\/a>, <a href=\"https:\/\/arenagruppen.se\/fackenochframtiden\/2025\/05\/16\/kristina-persdotter\/\">Kristina Persdotter<\/a>, <a href=\"https:\/\/arenagruppen.se\/fackenochframtiden\/2025\/05\/20\/martin-linder\/\">Martin Linder<\/a><\/td><td>Z\u00e4tasalen, ABF<\/td><td><\/td><\/tr><\/tbody><\/table><\/figure>\n<\/div>\n\n\n\n<p>Moderator f\u00f6r konferensen \u00e4r <a href=\"https:\/\/arenagruppen.se\/fackenochframtiden\/2024\/03\/10\/daniel-lind\/\">Daniel Lind<\/a>. Vid parallella seminarier \u00e4r \u00e4ven <a href=\"https:\/\/arenagruppen.se\/fackenochframtiden\/2024\/03\/10\/elinor-odeberg\/\">Elinor Odeberg<\/a>, Arena Id\u00e9s chefsekonom, moderator.<\/p>\n","protected":false},"excerpt":{"rendered":"<p>Time Program Participants Place 08:30 Morning coffee and a sandwich 09.00-10.15 Eng: Imperfect labour markets. What is it and why are they important? Sve: Hur fungerar verklighetens arbetsmarknader? Keynote: Alan Manning (digital) Panel: Peter Hellberg, Ardalan Shekarabi, Leila Ali Elmi, Oliver Rosengren, Ida Gabrielsson Z\u00e4tasalen, ABF 10:15-10:30 Short break 10.30-11.45 Eng: Minimum wages: New research, [&hellip;]<\/p>\n","protected":false},"author":1,"featured_media":0,"parent":0,"menu_order":0,"comment_status":"closed","ping_status":"closed","template":"","meta":{"footnotes":""},"class_list":["post-18","page","type-page","status-publish","hentry"],"yoast_head":"<!-- This site is optimized with the Yoast SEO plugin v19.12 - https:\/\/yoast.com\/wordpress\/plugins\/seo\/ -->\n<title>Program - Facken och framtiden<\/title>\n<meta name=\"robots\" content=\"index, follow, max-snippet:-1, max-image-preview:large, max-video-preview:-1\" \/>\n<link rel=\"canonical\" href=\"https:\/\/arenagruppen.se\/fackenochframtiden\/program\/\" \/>\n<meta property=\"og:locale\" content=\"sv_SE\" \/>\n<meta property=\"og:type\" content=\"article\" \/>\n<meta property=\"og:title\" content=\"Program - Facken och framtiden\" \/>\n<meta property=\"og:description\" content=\"Time Program Participants Place 08:30 Morning coffee and a sandwich 09.00-10.15 Eng: Imperfect labour markets. What is it and why are they important? Sve: Hur fungerar verklighetens arbetsmarknader? Keynote: Alan Manning (digital) Panel: Peter Hellberg, Ardalan Shekarabi, Leila Ali Elmi, Oliver Rosengren, Ida Gabrielsson Z\u00e4tasalen, ABF 10:15-10:30 Short break 10.30-11.45 Eng: Minimum wages: New research, [&hellip;]\" \/>\n<meta property=\"og:url\" content=\"https:\/\/arenagruppen.se\/fackenochframtiden\/program\/\" \/>\n<meta property=\"og:site_name\" content=\"Facken och framtiden\" \/>\n<meta property=\"article:modified_time\" content=\"2025-06-02T12:31:55+00:00\" \/>\n<meta property=\"og:image\" content=\"https:\/\/arenagruppen.se\/fackenochframtiden\/wp-content\/uploads\/sites\/14\/2025\/03\/modern-labour-markets-omslag.png\" \/>\n\t<meta property=\"og:image:width\" content=\"9422\" \/>\n\t<meta property=\"og:image:height\" content=\"4947\" \/>\n\t<meta property=\"og:image:type\" content=\"image\/png\" \/>\n<meta name=\"twitter:card\" content=\"summary_large_image\" \/>\n<meta name=\"twitter:label1\" content=\"Ber\u00e4knad l\u00e4stid\" \/>\n\t<meta name=\"twitter:data1\" content=\"1 minut\" \/>\n<script type=\"application\/ld+json\" class=\"yoast-schema-graph\">{\"@context\":\"https:\/\/schema.org\",\"@graph\":[{\"@type\":\"WebPage\",\"@id\":\"https:\/\/arenagruppen.se\/fackenochframtiden\/program\/\",\"url\":\"https:\/\/arenagruppen.se\/fackenochframtiden\/program\/\",\"name\":\"Program - Facken och framtiden\",\"isPartOf\":{\"@id\":\"https:\/\/arenagruppen.se\/fackenochframtiden\/#website\"},\"datePublished\":\"2024-03-05T14:10:38+00:00\",\"dateModified\":\"2025-06-02T12:31:55+00:00\",\"breadcrumb\":{\"@id\":\"https:\/\/arenagruppen.se\/fackenochframtiden\/program\/#breadcrumb\"},\"inLanguage\":\"sv-SE\",\"potentialAction\":[{\"@type\":\"ReadAction\",\"target\":[\"https:\/\/arenagruppen.se\/fackenochframtiden\/program\/\"]}]},{\"@type\":\"BreadcrumbList\",\"@id\":\"https:\/\/arenagruppen.se\/fackenochframtiden\/program\/#breadcrumb\",\"itemListElement\":[{\"@type\":\"ListItem\",\"position\":1,\"name\":\"Hem\",\"item\":\"https:\/\/arenagruppen.se\/fackenochframtiden\/\"},{\"@type\":\"ListItem\",\"position\":2,\"name\":\"Program\"}]},{\"@type\":\"WebSite\",\"@id\":\"https:\/\/arenagruppen.se\/fackenochframtiden\/#website\",\"url\":\"https:\/\/arenagruppen.se\/fackenochframtiden\/\",\"name\":\"Facken och framtiden\",\"description\":\"Modern labour markets\",\"publisher\":{\"@id\":\"https:\/\/arenagruppen.se\/fackenochframtiden\/#organization\"},\"potentialAction\":[{\"@type\":\"SearchAction\",\"target\":{\"@type\":\"EntryPoint\",\"urlTemplate\":\"https:\/\/arenagruppen.se\/fackenochframtiden\/?s={search_term_string}\"},\"query-input\":\"required name=search_term_string\"}],\"inLanguage\":\"sv-SE\"},{\"@type\":\"Organization\",\"@id\":\"https:\/\/arenagruppen.se\/fackenochframtiden\/#organization\",\"name\":\"Produktivitetskommissionen\",\"url\":\"https:\/\/arenagruppen.se\/fackenochframtiden\/\",\"logo\":{\"@type\":\"ImageObject\",\"inLanguage\":\"sv-SE\",\"@id\":\"https:\/\/arenagruppen.se\/fackenochframtiden\/#\/schema\/logo\/image\/\",\"url\":\"https:\/\/arenagruppen.se\/arbetsmarknader\/wp-content\/uploads\/sites\/14\/2025\/03\/modern-labour-markets-omslag.png\",\"contentUrl\":\"https:\/\/arenagruppen.se\/arbetsmarknader\/wp-content\/uploads\/sites\/14\/2025\/03\/modern-labour-markets-omslag.png\",\"width\":9422,\"height\":4947,\"caption\":\"Produktivitetskommissionen\"},\"image\":{\"@id\":\"https:\/\/arenagruppen.se\/fackenochframtiden\/#\/schema\/logo\/image\/\"}}]}<\/script>\n<!-- \/ Yoast SEO plugin. -->","yoast_head_json":{"title":"Program - Facken och framtiden","robots":{"index":"index","follow":"follow","max-snippet":"max-snippet:-1","max-image-preview":"max-image-preview:large","max-video-preview":"max-video-preview:-1"},"canonical":"https:\/\/arenagruppen.se\/fackenochframtiden\/program\/","og_locale":"sv_SE","og_type":"article","og_title":"Program - Facken och framtiden","og_description":"Time Program Participants Place 08:30 Morning coffee and a sandwich 09.00-10.15 Eng: Imperfect labour markets. What is it and why are they important? Sve: Hur fungerar verklighetens arbetsmarknader? Keynote: Alan Manning (digital) Panel: Peter Hellberg, Ardalan Shekarabi, Leila Ali Elmi, Oliver Rosengren, Ida Gabrielsson Z\u00e4tasalen, ABF 10:15-10:30 Short break 10.30-11.45 Eng: Minimum wages: New research, [&hellip;]","og_url":"https:\/\/arenagruppen.se\/fackenochframtiden\/program\/","og_site_name":"Facken och framtiden","article_modified_time":"2025-06-02T12:31:55+00:00","og_image":[{"width":9422,"height":4947,"url":"https:\/\/arenagruppen.se\/fackenochframtiden\/wp-content\/uploads\/sites\/14\/2025\/03\/modern-labour-markets-omslag.png","type":"image\/png"}],"twitter_card":"summary_large_image","twitter_misc":{"Ber\u00e4knad l\u00e4stid":"1 minut"},"schema":{"@context":"https:\/\/schema.org","@graph":[{"@type":"WebPage","@id":"https:\/\/arenagruppen.se\/fackenochframtiden\/program\/","url":"https:\/\/arenagruppen.se\/fackenochframtiden\/program\/","name":"Program - Facken och framtiden","isPartOf":{"@id":"https:\/\/arenagruppen.se\/fackenochframtiden\/#website"},"datePublished":"2024-03-05T14:10:38+00:00","dateModified":"2025-06-02T12:31:55+00:00","breadcrumb":{"@id":"https:\/\/arenagruppen.se\/fackenochframtiden\/program\/#breadcrumb"},"inLanguage":"sv-SE","potentialAction":[{"@type":"ReadAction","target":["https:\/\/arenagruppen.se\/fackenochframtiden\/program\/"]}]},{"@type":"BreadcrumbList","@id":"https:\/\/arenagruppen.se\/fackenochframtiden\/program\/#breadcrumb","itemListElement":[{"@type":"ListItem","position":1,"name":"Hem","item":"https:\/\/arenagruppen.se\/fackenochframtiden\/"},{"@type":"ListItem","position":2,"name":"Program"}]},{"@type":"WebSite","@id":"https:\/\/arenagruppen.se\/fackenochframtiden\/#website","url":"https:\/\/arenagruppen.se\/fackenochframtiden\/","name":"Facken och framtiden","description":"Modern labour markets","publisher":{"@id":"https:\/\/arenagruppen.se\/fackenochframtiden\/#organization"},"potentialAction":[{"@type":"SearchAction","target":{"@type":"EntryPoint","urlTemplate":"https:\/\/arenagruppen.se\/fackenochframtiden\/?s={search_term_string}"},"query-input":"required name=search_term_string"}],"inLanguage":"sv-SE"},{"@type":"Organization","@id":"https:\/\/arenagruppen.se\/fackenochframtiden\/#organization","name":"Produktivitetskommissionen","url":"https:\/\/arenagruppen.se\/fackenochframtiden\/","logo":{"@type":"ImageObject","inLanguage":"sv-SE","@id":"https:\/\/arenagruppen.se\/fackenochframtiden\/#\/schema\/logo\/image\/","url":"https:\/\/arenagruppen.se\/arbetsmarknader\/wp-content\/uploads\/sites\/14\/2025\/03\/modern-labour-markets-omslag.png","contentUrl":"https:\/\/arenagruppen.se\/arbetsmarknader\/wp-content\/uploads\/sites\/14\/2025\/03\/modern-labour-markets-omslag.png","width":9422,"height":4947,"caption":"Produktivitetskommissionen"},"image":{"@id":"https:\/\/arenagruppen.se\/fackenochframtiden\/#\/schema\/logo\/image\/"}}]}},"_links":{"self":[{"href":"https:\/\/arenagruppen.se\/fackenochframtiden\/wp-json\/wp\/v2\/pages\/18","targetHints":{"allow":["GET"]}}],"collection":[{"href":"https:\/\/arenagruppen.se\/fackenochframtiden\/wp-json\/wp\/v2\/pages"}],"about":[{"href":"https:\/\/arenagruppen.se\/fackenochframtiden\/wp-json\/wp\/v2\/types\/page"}],"author":[{"embeddable":true,"href":"https:\/\/arenagruppen.se\/fackenochframtiden\/wp-json\/wp\/v2\/users\/1"}],"replies":[{"embeddable":true,"href":"https:\/\/arenagruppen.se\/fackenochframtiden\/wp-json\/wp\/v2\/comments?post=18"}],"version-history":[{"count":9,"href":"https:\/\/arenagruppen.se\/fackenochframtiden\/wp-json\/wp\/v2\/pages\/18\/revisions"}],"predecessor-version":[{"id":1007,"href":"https:\/\/arenagruppen.se\/fackenochframtiden\/wp-json\/wp\/v2\/pages\/18\/revisions\/1007"}],"wp:attachment":[{"href":"https:\/\/arenagruppen.se\/fackenochframtiden\/wp-json\/wp\/v2\/media?parent=18"}],"curies":[{"name":"wp","href":"https:\/\/api.w.org\/{rel}","templated":true}]}}